CRAN Package Check Results for Package healthcareai

Last updated on 2019-12-07 00:53:34 CET.

Flavor Version Tinstall Tcheck Ttotal Status Flags
r-devel-linux-x86_64-debian-clang 2.3.0 18.10 263.73 281.83 OK
r-devel-linux-x86_64-debian-gcc 2.3.0 16.85 249.76 266.61 OK
r-devel-linux-x86_64-fedora-clang 2.3.0 181.15 OK
r-devel-linux-x86_64-fedora-gcc 2.3.0 196.51 OK
r-devel-windows-ix86+x86_64 2.3.0 37.00 299.00 336.00 OK
r-devel-windows-ix86+x86_64-gcc8 2.3.0 36.00 220.00 256.00 OK
r-patched-linux-x86_64 2.3.0 14.61 221.44 236.05 OK
r-patched-solaris-x86 2.3.0 416.50 NOTE
r-release-linux-x86_64 2.3.0 15.39 220.63 236.02 OK
r-release-windows-ix86+x86_64 2.3.0 31.00 207.00 238.00 OK
r-release-osx-x86_64 2.3.0 OK
r-oldrel-windows-ix86+x86_64 2.3.0 19.00 282.00 301.00 OK
r-oldrel-osx-x86_64 2.3.0 OK

Check Details

Version: 2.3.0
Check: package dependencies
Result: NOTE
    Package suggested but not available for checking: ‘odbc’
Flavor: r-patched-solaris-x86