CRAN Package Check Results for Package healthyR.ts

Last updated on 2021-11-30 00:51:30 CET.

Flavor Version Tinstall Tcheck Ttotal Status Flags
r-devel-linux-x86_64-debian-clang 0.1.5 4.99 131.04 136.03 OK
r-devel-linux-x86_64-debian-gcc 0.1.5 5.09 94.77 99.86 OK
r-devel-linux-x86_64-fedora-clang 0.1.5 166.08 NOTE
r-devel-linux-x86_64-fedora-gcc 0.1.5 163.10 NOTE
r-devel-windows-x86_64-new-UL 0.1.5 19.00 205.00 224.00 NOTE
r-devel-windows-x86_64-new-TK 0.1.5 NOTE
r-devel-windows-x86_64-old 0.1.5 13.00 134.00 147.00 NOTE
r-patched-linux-x86_64 0.1.5 6.68 129.73 136.41 OK
r-patched-solaris-x86 0.1.5 157.60 NOTE
r-release-linux-x86_64 0.1.5 6.09 133.22 139.31 OK
r-release-macos-arm64 0.1.5 NOTE
r-release-macos-x86_64 0.1.5 NOTE
r-release-windows-ix86+x86_64 0.1.5 14.00 132.00 146.00 NOTE
r-oldrel-macos-x86_64 0.1.5 NOTE
r-oldrel-windows-ix86+x86_64 0.1.5 13.00 137.00 150.00 NOTE

Check Details

Version: 0.1.5
Check: installed package size
Result: NOTE
     installed size is 11.2Mb
     sub-directories of 1Mb or more:
     doc 10.7Mb
Flavors: r-devel-linux-x86_64-fedora-clang, r-devel-windows-x86_64-new-UL, r-devel-windows-x86_64-old, r-patched-solaris-x86, r-release-macos-arm64, r-release-macos-x86_64, r-release-windows-ix86+x86_64, r-oldrel-macos-x86_64, r-oldrel-windows-ix86+x86_64

Version: 0.1.5
Check: dependencies in R code
Result: NOTE
    Namespace in Imports field not imported from: ‘earth’
     All declared Imports should be used.
Flavors: r-devel-linux-x86_64-fedora-clang, r-devel-linux-x86_64-fedora-gcc, r-devel-windows-x86_64-new-TK, r-patched-solaris-x86, r-release-macos-arm64, r-release-macos-x86_64, r-oldrel-macos-x86_64