CRAN Package Check Results for Package heatmaply

Last updated on 2024-07-19 08:54:57 CEST.

Flavor Version Tinstall Tcheck Ttotal Status Flags
r-devel-linux-x86_64-debian-clang 1.5.0 9.97 305.05 315.02 NOTE
r-devel-linux-x86_64-debian-gcc 1.5.0 7.04 221.60 228.64 NOTE
r-devel-linux-x86_64-fedora-clang 1.5.0 372.46 NOTE
r-devel-linux-x86_64-fedora-gcc 1.5.0 367.27 NOTE
r-devel-windows-x86_64 1.5.0 12.00 217.00 229.00 NOTE
r-patched-linux-x86_64 1.5.0 17.11 283.12 300.23 NOTE
r-release-linux-x86_64 1.5.0 9.14 289.68 298.82 NOTE
r-release-macos-arm64 1.5.0 115.00 NOTE
r-release-macos-x86_64 1.5.0 183.00 NOTE
r-release-windows-x86_64 1.5.0 10.00 219.00 229.00 NOTE
r-oldrel-macos-arm64 1.5.0 104.00 NOTE
r-oldrel-macos-x86_64 1.5.0 222.00 NOTE
r-oldrel-windows-x86_64 1.5.0 12.00 280.00 292.00 NOTE

Check Details

Version: 1.5.0
Check: Rd files
Result: NOTE checkRd: (-1) heatmaply.Rd:282: Lost braces 282 | row and column dendrograms. The default uses stats{reorder.dendrogram}} | ^ checkRd: (-1) heatmapr.Rd:93: Lost braces 93 | \item{reorderfun}{function(d, w) of dendrogram and weights for reordering the row and column dendrograms. The default uses stats{reorder.dendrogram}} | ^ checkRd: (-1) is.plotly.Rd:16: Lost braces 16 | Helpful for the plot_method in link{heatmaply}. | ^ Flavors: r-devel-linux-x86_64-debian-clang, r-devel-linux-x86_64-debian-gcc, r-devel-linux-x86_64-fedora-clang, r-devel-linux-x86_64-fedora-gcc, r-devel-windows-x86_64, r-patched-linux-x86_64, r-release-linux-x86_64, r-release-macos-arm64, r-release-macos-x86_64, r-release-windows-x86_64

Version: 1.5.0
Check: installed package size
Result: NOTE installed size is 5.5Mb sub-directories of 1Mb or more: doc 5.1Mb Flavors: r-devel-linux-x86_64-fedora-clang, r-devel-windows-x86_64, r-release-macos-arm64, r-release-macos-x86_64, r-release-windows-x86_64, r-oldrel-macos-arm64, r-oldrel-macos-x86_64, r-oldrel-windows-x86_64

Version: 1.5.0
Check: Rd cross-references
Result: NOTE Found the following Rd file(s) with Rd \link{} targets missing package anchors: RColorBrewer_colors.Rd: brewer.pal, viridis heatmaply.Rd: scale_color_gradient Please provide package anchors for all Rd \link{} targets not in the package itself and the base packages. Flavor: r-devel-windows-x86_64