CRAN Package Check Results for Package heemod

Last updated on 2020-02-27 00:52:30 CET.

Flavor Version Tinstall Tcheck Ttotal Status Flags
r-devel-linux-x86_64-debian-clang 0.11.0 13.48 335.61 349.09 NOTE
r-devel-linux-x86_64-debian-gcc 0.11.0 NOTE
r-devel-linux-x86_64-fedora-clang 0.11.0 391.36 NOTE
r-devel-linux-x86_64-fedora-gcc 0.11.0 390.11 NOTE
r-devel-windows-ix86+x86_64 0.11.0 19.00 328.00 347.00 OK
r-devel-windows-ix86+x86_64-gcc8 0.11.0 25.00 329.00 354.00 OK
r-patched-linux-x86_64 0.11.0 12.14 291.76 303.90 NOTE
r-patched-solaris-x86 0.11.0 447.90 NOTE
r-release-linux-x86_64 0.11.0 13.01 295.39 308.40 NOTE
r-release-windows-ix86+x86_64 0.11.0 23.00 291.00 314.00 OK
r-release-osx-x86_64 0.11.0 OK
r-oldrel-windows-ix86+x86_64 0.11.0 13.00 304.00 317.00 OK
r-oldrel-osx-x86_64 0.11.0 OK

Check Details

Version: 0.11.0
Check: package dependencies
Result: NOTE
    Package suggested but not available for checking: 'rgho'
Flavors: r-devel-linux-x86_64-debian-clang, r-devel-linux-x86_64-debian-gcc, r-devel-linux-x86_64-fedora-clang, r-devel-linux-x86_64-fedora-gcc, r-patched-linux-x86_64, r-patched-solaris-x86, r-release-linux-x86_64