CRAN Package Check Results for Package helda

Last updated on 2020-09-19 00:50:07 CEST.

Flavor Version Tinstall Tcheck Ttotal Status Flags
r-devel-linux-x86_64-debian-clang 1.1.3 7.43 65.69 73.12 OK
r-devel-linux-x86_64-debian-gcc 1.1.3 5.90 48.83 54.73 OK
r-devel-linux-x86_64-fedora-clang 1.1.3 99.19 NOTE
r-devel-linux-x86_64-fedora-gcc 1.1.3 96.21 NOTE
r-devel-windows-ix86+x86_64 1.1.3 18.00 94.00 112.00 OK
r-patched-linux-x86_64 1.1.3 7.91 63.37 71.28 OK
r-patched-solaris-x86 1.1.3 125.40 NOTE
r-release-linux-x86_64 1.1.3 6.74 64.00 70.74 OK
r-release-macos-x86_64 1.1.3 NOTE
r-release-windows-ix86+x86_64 1.1.3 16.00 99.00 115.00 OK
r-oldrel-macos-x86_64 1.1.3 NOTE
r-oldrel-windows-ix86+x86_64 1.1.3 22.00 84.00 106.00 OK

Check Details

Version: 1.1.3
Check: data for non-ASCII characters
Result: NOTE
     Note: found 1 marked UTF-8 string
Flavors: r-devel-linux-x86_64-fedora-clang, r-devel-linux-x86_64-fedora-gcc, r-patched-solaris-x86, r-release-macos-x86_64, r-oldrel-macos-x86_64