CRAN Package Check Results for Package helminthR

Last updated on 2020-04-07 01:52:46 CEST.

Flavor Version Tinstall Tcheck Ttotal Status Flags
r-devel-linux-x86_64-debian-clang 1.0.7 2.77 35.11 37.88 OK
r-devel-linux-x86_64-debian-gcc 1.0.7 2.53 27.70 30.23 OK
r-devel-linux-x86_64-fedora-clang 1.0.7 49.40 NOTE
r-devel-linux-x86_64-fedora-gcc 1.0.7 52.21 NOTE
r-devel-windows-ix86+x86_64 1.0.7 17.00 77.00 94.00 OK
r-devel-windows-ix86+x86_64-gcc8 1.0.7 9.00 51.00 60.00 OK
r-patched-linux-x86_64 1.0.7 2.55 36.01 38.56 OK
r-patched-solaris-x86 1.0.7 72.20 NOTE
r-release-linux-x86_64 1.0.7 2.35 33.08 35.43 OK
r-release-windows-ix86+x86_64 1.0.7 6.00 61.00 67.00 OK
r-release-osx-x86_64 1.0.7 NOTE
r-oldrel-windows-ix86+x86_64 1.0.7 6.00 55.00 61.00 OK
r-oldrel-osx-x86_64 1.0.7 NOTE

Check Details

Version: 1.0.7
Check: dependencies in R code
Result: NOTE
    Namespaces in Imports field not imported from:
     ‘knitr’ ‘rmarkdown’
     All declared Imports should be used.
Flavors: r-devel-linux-x86_64-fedora-clang, r-devel-linux-x86_64-fedora-gcc, r-patched-solaris-x86, r-release-osx-x86_64, r-oldrel-osx-x86_64