CRAN Package Check Results for Package hettx

Last updated on 2022-10-01 02:49:11 CEST.

Flavor Version Tinstall Tcheck Ttotal Status Flags
r-devel-linux-x86_64-debian-clang 0.1.1 12.96 306.12 319.08 OK
r-devel-linux-x86_64-debian-gcc 0.1.1 8.57 222.35 230.92 OK
r-devel-linux-x86_64-fedora-clang 0.1.1 384.23 NOTE
r-devel-linux-x86_64-fedora-gcc 0.1.1 412.73 NOTE
r-devel-windows-x86_64 0.1.1 37.00 365.00 402.00 OK
r-patched-linux-x86_64 0.1.1 8.59 286.61 295.20 OK
r-release-linux-x86_64 0.1.1 7.81 289.55 297.36 OK
r-release-macos-arm64 0.1.1 142.00 NOTE
r-release-macos-x86_64 0.1.1 206.00 NOTE
r-release-windows-x86_64 0.1.1 32.00 392.00 424.00 OK
r-oldrel-macos-arm64 0.1.1 148.00 NOTE
r-oldrel-macos-x86_64 0.1.1 204.00 NOTE
r-oldrel-windows-ix86+x86_64 0.1.1 28.00 343.00 371.00 OK

Check Details

Version: 0.1.1
Check: dependencies in R code
Result: NOTE
    Namespaces in Imports field not imported from:
     ‘dplyr’ ‘purrr’ ‘tidyverse’
     All declared Imports should be used.
Flavors: r-devel-linux-x86_64-fedora-clang, r-devel-linux-x86_64-fedora-gcc, r-release-macos-arm64, r-release-macos-x86_64, r-oldrel-macos-arm64, r-oldrel-macos-x86_64