CRAN Package Check Results for Package hettx

Last updated on 2020-04-03 01:49:19 CEST.

Flavor Version Tinstall Tcheck Ttotal Status Flags
r-devel-linux-x86_64-debian-clang 0.1.1 10.71 286.37 297.08 OK
r-devel-linux-x86_64-debian-gcc 0.1.1 8.68 212.47 221.15 OK
r-devel-linux-x86_64-fedora-clang 0.1.1 395.69 NOTE
r-devel-linux-x86_64-fedora-gcc 0.1.1 337.48 NOTE
r-devel-windows-ix86+x86_64 0.1.1 26.00 259.00 285.00 OK
r-devel-windows-ix86+x86_64-gcc8 0.1.1 21.00 262.00 283.00 OK
r-patched-linux-x86_64 0.1.1 10.50 276.63 287.13 OK
r-patched-solaris-x86 0.1.1 484.00 NOTE
r-release-linux-x86_64 0.1.1 8.17 241.05 249.22 OK
r-release-windows-ix86+x86_64 0.1.1 19.00 276.00 295.00 OK
r-release-osx-x86_64 0.1.1 NOTE
r-oldrel-windows-ix86+x86_64 0.1.1 12.00 304.00 316.00 OK
r-oldrel-osx-x86_64 0.1.1 NOTE

Check Details

Version: 0.1.1
Check: dependencies in R code
Result: NOTE
    Namespaces in Imports field not imported from:
     ‘dplyr’ ‘purrr’ ‘tidyverse’
     All declared Imports should be used.
Flavors: r-devel-linux-x86_64-fedora-clang, r-devel-linux-x86_64-fedora-gcc, r-patched-solaris-x86, r-release-osx-x86_64, r-oldrel-osx-x86_64