Last updated on 2021-03-05 00:48:39 CET.
Flavor | Version | Tinstall | Tcheck | Ttotal | Status | Flags |
---|---|---|---|---|---|---|
r-devel-linux-x86_64-debian-clang | 0.6 | 3.05 | 35.97 | 39.02 | NOTE | |
r-devel-linux-x86_64-debian-gcc | 0.6 | 2.19 | 27.30 | 29.49 | NOTE | |
r-devel-linux-x86_64-fedora-clang | 0.6 | 54.74 | OK | |||
r-devel-linux-x86_64-fedora-gcc | 0.6 | 45.30 | OK | |||
r-devel-windows-ix86+x86_64 | 0.6 | 7.00 | 74.00 | 81.00 | NOTE | |
r-patched-linux-x86_64 | 0.6 | NOTE | ||||
r-patched-solaris-x86 | 0.6 | 69.40 | OK | |||
r-release-linux-x86_64 | 0.6 | 2.83 | 34.02 | 36.85 | NOTE | |
r-release-macos-x86_64 | 0.6 | OK | ||||
r-release-windows-ix86+x86_64 | 0.6 | 5.00 | 46.00 | 51.00 | NOTE | |
r-oldrel-macos-x86_64 | 0.6 | OK | ||||
r-oldrel-windows-ix86+x86_64 | 0.6 | 22.00 | 55.00 | 77.00 | OK |
Version: 0.6
Check: package vignettes
Result: NOTE
Package vignette with placeholder title 'Vignette Title':
'hexbin-classes.Rmd'
Flavors: r-devel-linux-x86_64-debian-clang, r-devel-linux-x86_64-debian-gcc, r-devel-windows-ix86+x86_64, r-patched-linux-x86_64, r-release-linux-x86_64, r-release-windows-ix86+x86_64