Last updated on 2022-07-03 01:48:56 CEST.
Flavor | Version | Tinstall | Tcheck | Ttotal | Status | Flags |
---|---|---|---|---|---|---|
r-devel-linux-x86_64-debian-clang | 0.2.11 | 8.09 | 83.23 | 91.32 | OK | |
r-devel-linux-x86_64-debian-gcc | 0.2.11 | 6.93 | 60.82 | 67.75 | OK | |
r-devel-linux-x86_64-fedora-clang | 0.2.11 | 116.36 | NOTE | |||
r-devel-linux-x86_64-fedora-gcc | 0.2.11 | 112.39 | NOTE | |||
r-devel-windows-x86_64 | 0.2.11 | 45.00 | 110.00 | 155.00 | OK | |
r-patched-linux-x86_64 | 0.2.11 | 8.07 | 76.40 | 84.47 | OK | |
r-release-linux-x86_64 | 0.2.11 | 9.23 | 77.06 | 86.29 | OK | |
r-release-macos-arm64 | 0.2.11 | 35.00 | NOTE | |||
r-release-macos-x86_64 | 0.2.11 | 57.00 | NOTE | |||
r-release-windows-x86_64 | 0.2.11 | 14.00 | 107.00 | 121.00 | OK | |
r-oldrel-macos-arm64 | 0.2.11 | 32.00 | NOTE | |||
r-oldrel-macos-x86_64 | 0.2.11 | 43.00 | NOTE | |||
r-oldrel-windows-ix86+x86_64 | 0.2.11 | 19.00 | 101.00 | 120.00 | OK |
Version: 0.2.11
Check: dependencies in R code
Result: NOTE
Namespace in Imports field not imported from: ‘usethis’
All declared Imports should be used.
Flavors: r-devel-linux-x86_64-fedora-clang, r-devel-linux-x86_64-fedora-gcc, r-release-macos-arm64, r-release-macos-x86_64, r-oldrel-macos-arm64, r-oldrel-macos-x86_64