CRAN Package Check Results for Package hht

Last updated on 2022-06-30 01:49:10 CEST.

Flavor Version Tinstall Tcheck Ttotal Status Flags
r-devel-linux-x86_64-debian-clang 2.1.4 10.47 105.27 115.74 OK
r-devel-linux-x86_64-debian-gcc 2.1.4 8.71 77.11 85.82 OK
r-devel-linux-x86_64-fedora-clang 2.1.4 144.55 NOTE
r-devel-linux-x86_64-fedora-gcc 2.1.4 142.80 NOTE
r-devel-windows-x86_64 2.1.4 19.00 128.00 147.00 OK
r-patched-linux-x86_64 2.1.4 7.05 98.09 105.14 OK
r-release-linux-x86_64 2.1.4 8.06 96.85 104.91 OK
r-release-macos-arm64 2.1.4 42.00 NOTE
r-release-macos-x86_64 2.1.4 73.00 NOTE
r-release-windows-x86_64 2.1.4 19.00 125.00 144.00 OK
r-oldrel-macos-arm64 2.1.4 45.00 NOTE
r-oldrel-macos-x86_64 2.1.4 82.00 NOTE
r-oldrel-windows-ix86+x86_64 2.1.4 25.00 120.00 145.00 OK

Check Details

Version: 2.1.4
Check: dependencies in R code
Result: NOTE
    Namespace in Imports field not imported from: ‘spatstat.linnet’
     All declared Imports should be used.
Flavors: r-devel-linux-x86_64-fedora-clang, r-devel-linux-x86_64-fedora-gcc, r-release-macos-arm64, r-release-macos-x86_64, r-oldrel-macos-arm64, r-oldrel-macos-x86_64