Last updated on 2023-03-24 05:52:15 CET.
Flavor | Version | Tinstall | Tcheck | Ttotal | Status | Flags |
---|---|---|---|---|---|---|
r-devel-linux-x86_64-debian-clang | 0.9.4 | 13.96 | 141.30 | 155.26 | OK | |
r-devel-linux-x86_64-debian-gcc | 0.9.4 | 12.18 | 104.98 | 117.16 | OK | |
r-devel-linux-x86_64-fedora-clang | 0.9.4 | 203.54 | NOTE | |||
r-devel-linux-x86_64-fedora-gcc | 0.9.4 | 185.05 | NOTE | |||
r-patched-linux-x86_64 | 0.9.4 | 14.63 | 132.49 | 147.12 | OK | |
r-release-linux-x86_64 | 0.9.4 | 11.26 | 129.88 | 141.14 | OK | |
r-release-macos-arm64 | 0.9.4 | 57.00 | NOTE | |||
r-release-macos-x86_64 | 0.9.4 | 111.00 | NOTE | |||
r-release-windows-x86_64 | 0.9.4 | 247.00 | 290.00 | 537.00 | OK | |
r-oldrel-macos-arm64 | 0.9.4 | 53.00 | NOTE | |||
r-oldrel-macos-x86_64 | 0.9.4 | 77.00 | NOTE | |||
r-oldrel-windows-ix86+x86_64 | 0.9.4 | 29.00 | 188.00 | 217.00 | NOTE |
Version: 0.9.4
Check: data for non-ASCII characters
Result: NOTE
Note: found 11 marked UTF-8 strings
Flavors: r-devel-linux-x86_64-fedora-clang, r-devel-linux-x86_64-fedora-gcc, r-release-macos-arm64, r-release-macos-x86_64, r-oldrel-macos-arm64, r-oldrel-macos-x86_64
Version: 0.9.4
Check: R code for possible problems
Result: NOTE
Initiating curl with CURL_SSL_BACKEND: openssl
Flavor: r-oldrel-windows-ix86+x86_64