Last updated on 2022-08-17 01:52:11 CEST.
Flavor | Version | Tinstall | Tcheck | Ttotal | Status | Flags |
---|---|---|---|---|---|---|
r-devel-linux-x86_64-debian-clang | 0.9.4 | 14.79 | 143.45 | 158.24 | OK | |
r-devel-linux-x86_64-debian-gcc | 0.9.4 | 12.56 | 107.03 | 119.59 | OK | |
r-devel-linux-x86_64-fedora-clang | 0.9.4 | 198.09 | NOTE | |||
r-devel-linux-x86_64-fedora-gcc | 0.9.4 | 189.18 | NOTE | |||
r-devel-windows-x86_64 | 0.9.4 | 242.00 | 262.00 | 504.00 | OK | |
r-patched-linux-x86_64 | 0.9.4 | 16.18 | 131.68 | 147.86 | OK | |
r-release-linux-x86_64 | 0.9.4 | 9.34 | 133.29 | 142.63 | OK | |
r-release-macos-arm64 | 0.9.4 | 57.00 | NOTE | |||
r-release-macos-x86_64 | 0.9.4 | 111.00 | NOTE | |||
r-release-windows-x86_64 | 0.9.4 | 157.00 | 276.00 | 433.00 | OK | |
r-oldrel-macos-arm64 | 0.9.4 | 53.00 | NOTE | |||
r-oldrel-macos-x86_64 | 0.9.4 | 77.00 | NOTE | |||
r-oldrel-windows-ix86+x86_64 | 0.9.4 | 32.00 | 187.00 | 219.00 | OK |
Version: 0.9.4
Check: data for non-ASCII characters
Result: NOTE
Note: found 11 marked UTF-8 strings
Flavors: r-devel-linux-x86_64-fedora-clang, r-devel-linux-x86_64-fedora-gcc, r-release-macos-arm64, r-release-macos-x86_64, r-oldrel-macos-arm64, r-oldrel-macos-x86_64