CRAN Package Check Results for Package highfrequency

Last updated on 2021-05-09 01:46:54 CEST.

Flavor Version Tinstall Tcheck Ttotal Status Flags
r-devel-linux-x86_64-debian-clang 0.8.0.1 133.18 262.71 395.89 OK
r-devel-linux-x86_64-debian-gcc 0.8.0.1 81.80 189.40 271.20 OK
r-devel-linux-x86_64-fedora-clang 0.8.0.1 453.37 NOTE
r-devel-linux-x86_64-fedora-gcc 0.8.0.1 410.42 OK
r-devel-windows-ix86+x86_64 0.8.0.1 205.00 492.00 697.00 NOTE
r-devel-windows-x86_64-gcc10-UCRT 0.8.0.1 OK
r-patched-linux-x86_64 0.8.0.1 103.40 234.26 337.66 OK
r-patched-solaris-x86 0.8.0.1 464.70 OK
r-release-linux-x86_64 0.8.0.1 102.71 225.96 328.67 OK
r-release-macos-x86_64 0.8.0.1 NOTE
r-release-windows-ix86+x86_64 0.8.0.1 194.00 366.00 560.00 NOTE
r-oldrel-macos-x86_64 0.8.0.1 NOTE
r-oldrel-windows-ix86+x86_64 0.8.0.1 236.00 471.00 707.00 NOTE

Check Details

Version: 0.8.0.1
Check: installed package size
Result: NOTE
     installed size is 6.9Mb
     sub-directories of 1Mb or more:
     data 2.6Mb
     libs 3.3Mb
Flavors: r-devel-linux-x86_64-fedora-clang, r-devel-windows-ix86+x86_64, r-release-macos-x86_64, r-release-windows-ix86+x86_64, r-oldrel-macos-x86_64, r-oldrel-windows-ix86+x86_64