CRAN Package Check Results for Package highlight

Last updated on 2021-06-24 01:50:22 CEST.

Flavor Version Tinstall Tcheck Ttotal Status Flags
r-devel-linux-x86_64-debian-clang 0.5.0 67.61 28.52 96.13 OK
r-devel-linux-x86_64-debian-gcc 0.5.0 50.32 23.00 73.32 OK
r-devel-linux-x86_64-fedora-clang 0.5.0 181.20 NOTE
r-devel-linux-x86_64-fedora-gcc 0.5.0 129.33 OK
r-devel-windows-x86_64 0.5.0 85.00 41.00 126.00 OK
r-devel-windows-x86_64-gcc10-UCRT 0.5.0 OK
r-patched-linux-x86_64 0.5.0 60.03 27.81 87.84 OK
r-patched-solaris-x86 0.5.0 183.00 OK
r-release-linux-x86_64 0.5.0 60.55 27.94 88.49 OK
r-release-macos-arm64 0.5.0 NOTE
r-release-macos-x86_64 0.5.0 NOTE
r-release-windows-ix86+x86_64 0.5.0 139.00 56.00 195.00 OK
r-oldrel-macos-x86_64 0.5.0 NOTE
r-oldrel-windows-ix86+x86_64 0.5.0 141.00 51.00 192.00 OK

Check Details

Version: 0.5.0
Check: installed package size
Result: NOTE
     installed size is 7.7Mb
     sub-directories of 1Mb or more:
     highlight 1.1Mb
     libs 6.5Mb
Flavors: r-devel-linux-x86_64-fedora-clang, r-release-macos-arm64, r-release-macos-x86_64, r-oldrel-macos-x86_64