CRAN Package Check Results for Package hilbertSimilarity

Last updated on 2022-07-26 01:58:13 CEST.

Flavor Version Tinstall Tcheck Ttotal Status Flags
r-devel-linux-x86_64-debian-clang 0.4.3 17.38 185.58 202.96 NOTE
r-devel-linux-x86_64-debian-gcc 0.4.3 14.16 141.69 155.85 NOTE
r-devel-linux-x86_64-fedora-clang 0.4.3 256.82 NOTE
r-devel-linux-x86_64-fedora-gcc 0.4.3 264.01 NOTE
r-devel-windows-x86_64 0.4.3 69.00 266.00 335.00 NOTE
r-patched-linux-x86_64 0.4.3 17.77 191.36 209.13 NOTE
r-release-linux-x86_64 0.4.3 14.64 188.19 202.83 NOTE
r-release-macos-arm64 0.4.3 57.00 NOTE
r-release-macos-x86_64 0.4.3 84.00 NOTE
r-release-windows-x86_64 0.4.3 66.00 244.00 310.00 NOTE
r-oldrel-macos-arm64 0.4.3 74.00 NOTE
r-oldrel-macos-x86_64 0.4.3 168.00 NOTE
r-oldrel-windows-ix86+x86_64 0.4.3 46.00 260.00 306.00 NOTE

Check Details

Version: 0.4.3
Check: LazyData
Result: NOTE
     'LazyData' is specified without a 'data' directory
Flavors: r-devel-linux-x86_64-debian-clang, r-devel-linux-x86_64-debian-gcc, r-devel-linux-x86_64-fedora-clang, r-devel-linux-x86_64-fedora-gcc, r-devel-windows-x86_64, r-patched-linux-x86_64, r-release-linux-x86_64, r-release-macos-arm64, r-release-macos-x86_64, r-release-windows-x86_64, r-oldrel-macos-arm64, r-oldrel-macos-x86_64, r-oldrel-windows-ix86+x86_64