CRAN Package Check Results for Package hillR

Last updated on 2022-01-17 01:48:24 CET.

Flavor Version Tinstall Tcheck Ttotal Status Flags
r-devel-linux-x86_64-debian-clang 0.5.1 3.37 50.32 53.69 NOTE
r-devel-linux-x86_64-debian-gcc 0.5.1 2.12 38.30 40.42 NOTE
r-devel-linux-x86_64-fedora-clang 0.5.1 69.00 NOTE
r-devel-linux-x86_64-fedora-gcc 0.5.1 54.10 NOTE
r-devel-windows-x86_64-new-UL 0.5.1 24.00 72.00 96.00 NOTE
r-devel-windows-x86_64-new-TK 0.5.1 NOTE
r-patched-linux-x86_64 0.5.1 3.47 48.83 52.30 NOTE
r-release-linux-x86_64 0.5.1 NOTE
r-release-macos-arm64 0.5.1 NOTE
r-release-macos-x86_64 0.5.1 NOTE
r-release-windows-ix86+x86_64 0.5.1 7.00 63.00 70.00 NOTE
r-oldrel-macos-x86_64 0.5.1 OK
r-oldrel-windows-ix86+x86_64 0.5.1 8.00 64.00 72.00 OK

Check Details

Version: 0.5.1
Check: LazyData
Result: NOTE
     'LazyData' is specified without a 'data' directory
Flavors: r-devel-linux-x86_64-debian-clang, r-devel-linux-x86_64-debian-gcc, r-devel-linux-x86_64-fedora-clang, r-devel-linux-x86_64-fedora-gcc, r-devel-windows-x86_64-new-UL, r-devel-windows-x86_64-new-TK, r-patched-linux-x86_64, r-release-linux-x86_64, r-release-macos-arm64, r-release-macos-x86_64, r-release-windows-ix86+x86_64