CRAN Package Check Results for Package hipread

Last updated on 2019-12-16 00:48:56 CET.

Flavor Version Tinstall Tcheck Ttotal Status Flags
r-devel-linux-x86_64-debian-clang 0.2.1 143.85 34.90 178.75 OK
r-devel-linux-x86_64-debian-gcc 0.2.1 100.69 28.42 129.11 OK
r-devel-linux-x86_64-fedora-clang 0.2.1 265.94 NOTE
r-devel-linux-x86_64-fedora-gcc 0.2.1 253.65 OK
r-devel-windows-ix86+x86_64 0.2.1 310.00 98.00 408.00 OK
r-devel-windows-ix86+x86_64-gcc8 0.2.1 373.00 102.00 475.00 OK
r-patched-linux-x86_64 0.2.1 121.02 31.44 152.46 OK
r-patched-solaris-x86 0.2.1 246.10 OK
r-release-linux-x86_64 0.2.1 117.69 30.93 148.62 OK
r-release-windows-ix86+x86_64 0.2.1 318.00 75.00 393.00 OK
r-release-osx-x86_64 0.2.1 OK
r-oldrel-windows-ix86+x86_64 0.2.1 328.00 71.00 399.00 OK
r-oldrel-osx-x86_64 0.2.1 OK

Check Details

Version: 0.2.1
Check: installed package size
Result: NOTE
     installed size is 5.7Mb
     sub-directories of 1Mb or more:
     libs 5.3Mb
Flavor: r-devel-linux-x86_64-fedora-clang