CRAN Package Check Results for Package hipread

Last updated on 2020-07-13 01:48:48 CEST.

Flavor Version Tinstall Tcheck Ttotal Status Flags
r-devel-linux-x86_64-debian-clang 0.2.2 153.26 38.41 191.67 OK
r-devel-linux-x86_64-debian-gcc 0.2.2 117.84 29.71 147.55 OK
r-devel-linux-x86_64-fedora-clang 0.2.2 286.62 NOTE
r-devel-linux-x86_64-fedora-gcc 0.2.2 262.68 OK
r-devel-windows-ix86+x86_64 0.2.2 501.00 84.00 585.00 OK
r-patched-linux-x86_64 0.2.2 119.98 37.42 157.40 OK
r-patched-solaris-x86 0.2.2 261.40 OK
r-release-linux-x86_64 0.2.2 124.19 37.48 161.67 OK
r-release-macos-x86_64 0.2.2 NOTE
r-release-windows-ix86+x86_64 0.2.2 493.00 113.00 606.00 OK
r-oldrel-macos-x86_64 0.2.2 NOTE
r-oldrel-windows-ix86+x86_64 0.2.2 463.00 74.00 537.00 OK

Check Details

Version: 0.2.2
Check: installed package size
Result: NOTE
     installed size is 6.6Mb
     sub-directories of 1Mb or more:
     libs 6.1Mb
Flavors: r-devel-linux-x86_64-fedora-clang, r-release-macos-x86_64, r-oldrel-macos-x86_64