CRAN Package Check Results for Package hmi

Last updated on 2021-09-21 01:50:11 CEST.

Flavor Version Tinstall Tcheck Ttotal Status Flags
r-devel-linux-x86_64-debian-clang 1.0.0 11.77 86.33 98.10 OK
r-devel-linux-x86_64-debian-gcc 1.0.0 7.29 62.77 70.06 OK
r-devel-linux-x86_64-fedora-clang 1.0.0 118.94 OK
r-devel-linux-x86_64-fedora-gcc 1.0.0 108.21 OK
r-devel-windows-x86_64 1.0.0 12.00 77.00 89.00 OK
r-devel-windows-x86_64-gcc10-UCRT 1.0.0 ERROR
r-patched-linux-x86_64 1.0.0 10.20 80.96 91.16 OK
r-patched-solaris-x86 1.0.0 130.30 OK
r-release-linux-x86_64 1.0.0 9.51 78.93 88.44 OK
r-release-macos-arm64 1.0.0 OK
r-release-macos-x86_64 1.0.0 OK
r-release-windows-ix86+x86_64 1.0.0 22.00 72.00 94.00 OK
r-oldrel-macos-x86_64 1.0.0 OK
r-oldrel-windows-ix86+x86_64 1.0.0 21.00 73.00 94.00 OK

Check Details

Version: 1.0.0
Check: whether package can be installed
Result: WARN
    Found the following significant warnings:
     WARNING: installation-time patches will not be applied, could not get the patches index
Flavor: r-devel-windows-x86_64-gcc10-UCRT

Version: 1.0.0
Check: PDF version of manual
Result: WARN
    LaTeX errors when creating PDF version.
    This typically indicates Rd problems.
Flavor: r-devel-windows-x86_64-gcc10-UCRT

Version: 1.0.0
Check: PDF version of manual without hyperrefs or index
Result: ERROR
    Re-running with no redirection of stdout/stderr.
Flavor: r-devel-windows-x86_64-gcc10-UCRT