CRAN Package Check Results for Package hnp

Last updated on 2022-01-17 01:48:24 CET.

Flavor Version Tinstall Tcheck Ttotal Status Flags
r-devel-linux-x86_64-debian-clang 1.2-6 4.13 63.39 67.52 NOTE
r-devel-linux-x86_64-debian-gcc 1.2-6 3.85 48.41 52.26 NOTE
r-devel-linux-x86_64-fedora-clang 1.2-6 84.73 NOTE
r-devel-linux-x86_64-fedora-gcc 1.2-6 70.14 NOTE
r-devel-windows-x86_64-new-UL 1.2-6 28.00 84.00 112.00 NOTE
r-devel-windows-x86_64-new-TK 1.2-6 NOTE
r-patched-linux-x86_64 1.2-6 5.17 61.56 66.73 NOTE
r-release-linux-x86_64 1.2-6 NOTE
r-release-macos-arm64 1.2-6 NOTE
r-release-macos-x86_64 1.2-6 NOTE
r-release-windows-ix86+x86_64 1.2-6 10.00 74.00 84.00 NOTE
r-oldrel-macos-x86_64 1.2-6 NOTE
r-oldrel-windows-ix86+x86_64 1.2-6 9.00 74.00 83.00 NOTE

Check Details

Version: 1.2-6
Check: package dependencies
Result: NOTE
    Package suggested but not available for checking: 'glmmADMB'
Flavors: r-devel-linux-x86_64-debian-clang, r-devel-linux-x86_64-debian-gcc, r-devel-linux-x86_64-fedora-clang, r-devel-linux-x86_64-fedora-gcc, r-devel-windows-x86_64-new-UL, r-patched-linux-x86_64, r-release-linux-x86_64, r-release-macos-arm64, r-release-macos-x86_64, r-release-windows-ix86+x86_64, r-oldrel-macos-x86_64, r-oldrel-windows-ix86+x86_64

Version: 1.2-6
Check: package dependencies
Result: NOTE
    Packages suggested but not available for checking:
     'lme4', 'aods3', 'glmmADMB'
Flavor: r-devel-windows-x86_64-new-TK