CRAN Package Check Results for Package hnp

Last updated on 2020-05-28 01:53:18 CEST.

Flavor Version Tinstall Tcheck Ttotal Status Flags
r-devel-linux-x86_64-debian-clang 1.2-6 4.98 49.92 54.90 NOTE
r-devel-linux-x86_64-debian-gcc 1.2-6 4.03 38.76 42.79 NOTE
r-devel-linux-x86_64-fedora-clang 1.2-6 66.63 NOTE
r-devel-linux-x86_64-fedora-gcc 1.2-6 66.84 NOTE
r-devel-windows-ix86+x86_64 1.2-6 13.00 62.00 75.00 NOTE
r-patched-linux-x86_64 1.2-6 4.13 50.80 54.93 NOTE
r-patched-solaris-x86 1.2-6 94.50 NOTE
r-release-linux-x86_64 1.2-6 4.72 50.43 55.15 NOTE
r-release-osx-x86_64 1.2-6 NOTE
r-release-windows-ix86+x86_64 1.2-6 8.00 86.00 94.00 NOTE
r-oldrel-osx-x86_64 1.2-6 NOTE
r-oldrel-windows-ix86+x86_64 1.2-6 9.00 62.00 71.00 NOTE

Check Details

Version: 1.2-6
Check: package dependencies
Result: NOTE
    Package suggested but not available for checking: 'glmmADMB'
Flavors: r-devel-linux-x86_64-debian-clang, r-devel-linux-x86_64-debian-gcc, r-devel-linux-x86_64-fedora-clang, r-devel-linux-x86_64-fedora-gcc, r-devel-windows-ix86+x86_64, r-patched-linux-x86_64, r-patched-solaris-x86, r-release-linux-x86_64, r-release-osx-x86_64, r-release-windows-ix86+x86_64, r-oldrel-osx-x86_64, r-oldrel-windows-ix86+x86_64