Last updated on 2023-01-30 01:53:35 CET.
Flavor | Version | Tinstall | Tcheck | Ttotal | Status | Flags |
---|---|---|---|---|---|---|
r-devel-linux-x86_64-debian-clang | 2.1.4.1 | 16.04 | 159.10 | 175.14 | NOTE | |
r-devel-linux-x86_64-debian-gcc | 2.1.4.1 | 14.89 | 117.73 | 132.62 | NOTE | |
r-devel-linux-x86_64-fedora-clang | 2.1.4.1 | 217.42 | NOTE | |||
r-devel-linux-x86_64-fedora-gcc | 2.1.4.1 | 225.16 | NOTE | |||
r-devel-windows-x86_64 | 2.1.4.1 | 65.00 | 231.00 | 296.00 | NOTE | |
r-patched-linux-x86_64 | 2.1.4.1 | 22.72 | 147.86 | 170.58 | OK | |
r-release-linux-x86_64 | 2.1.4.1 | 19.55 | 144.50 | 164.05 | OK | |
r-release-macos-arm64 | 2.1.4.1 | 62.00 | OK | |||
r-release-macos-x86_64 | 2.1.4.1 | 76.00 | OK | |||
r-release-windows-x86_64 | 2.1.4.1 | 43.00 | 215.00 | 258.00 | OK | |
r-oldrel-macos-arm64 | 2.1.4.1 | 63.00 | OK | |||
r-oldrel-macos-x86_64 | 2.1.4.1 | 118.00 | OK | |||
r-oldrel-windows-ix86+x86_64 | 2.1.4.1 | 36.00 | 180.00 | 216.00 | OK |
Version: 2.1.4.1
Check: Rd files
Result: NOTE
checkRd: (-1) Dmean.Rd:62: Escaped LaTeX specials: \&
checkRd: (-1) Dvar.Rd:63: Escaped LaTeX specials: \&
checkRd: (-1) babies.Rd:35: Escaped LaTeX specials: \&
checkRd: (-1) residuals.rsm.Rd:74: Escaped LaTeX specials: \&
Flavors: r-devel-linux-x86_64-debian-clang, r-devel-linux-x86_64-debian-gcc, r-devel-linux-x86_64-fedora-clang, r-devel-linux-x86_64-fedora-gcc, r-devel-windows-x86_64
Version: 2.1.4.1
Check: Rd cross-references
Result: NOTE
Undeclared packages ‘nlreg’, ‘cond’, ‘marg’ in Rd xrefs
Flavor: r-devel-linux-x86_64-fedora-clang