Last updated on 2023-02-04 00:50:54 CET.
Flavor | Version | Tinstall | Tcheck | Ttotal | Status | Flags |
---|---|---|---|---|---|---|
r-devel-linux-x86_64-debian-clang | 0.9.4-2 | 35.21 | 294.31 | 329.52 | OK | |
r-devel-linux-x86_64-debian-gcc | 0.9.4-2 | 24.20 | 214.06 | 238.26 | OK | |
r-devel-linux-x86_64-fedora-clang | 0.9.4-2 | 412.26 | NOTE | |||
r-devel-linux-x86_64-fedora-gcc | 0.9.4-2 | 417.07 | NOTE | |||
r-devel-windows-x86_64 | 0.9.4-2 | 46.00 | 294.00 | 340.00 | OK | |
r-patched-linux-x86_64 | 0.9.4-2 | 31.58 | 279.49 | 311.07 | OK | |
r-release-linux-x86_64 | 0.9.4-2 | 31.71 | 274.05 | 305.76 | OK | |
r-release-macos-arm64 | 0.9.4-2 | 93.00 | NOTE | |||
r-release-macos-x86_64 | 0.9.4-2 | 9.00 | ERROR | |||
r-release-windows-x86_64 | 0.9.4-2 | 59.00 | 313.00 | 372.00 | OK | |
r-oldrel-macos-arm64 | 0.9.4-2 | 119.00 | NOTE | |||
r-oldrel-macos-x86_64 | 0.9.4-2 | 10.00 | ERROR | |||
r-oldrel-windows-ix86+x86_64 | 0.9.4-2 | 68.00 | 288.00 | 356.00 | OK |
Version: 0.9.4-2
Check: dependencies in R code
Result: NOTE
Namespaces in Imports field not imported from:
‘knitr’ ‘rmarkdown’
All declared Imports should be used.
Flavors: r-devel-linux-x86_64-fedora-clang, r-devel-linux-x86_64-fedora-gcc, r-release-macos-arm64, r-oldrel-macos-arm64
Version: 0.9.4-2
Check: package dependencies
Result: ERROR
Package required but not available: ‘bamsignals’
See section ‘The DESCRIPTION file’ in the ‘Writing R Extensions’
manual.
Flavors: r-release-macos-x86_64, r-oldrel-macos-x86_64