Last updated on 2022-06-30 01:49:10 CEST.
Flavor | Version | Tinstall | Tcheck | Ttotal | Status | Flags |
---|---|---|---|---|---|---|
r-devel-linux-x86_64-debian-clang | 0.9.4-2 | 33.47 | 277.94 | 311.41 | OK | |
r-devel-linux-x86_64-debian-gcc | 0.9.4-2 | 26.74 | 206.25 | 232.99 | OK | |
r-devel-linux-x86_64-fedora-clang | 0.9.4-2 | 393.42 | NOTE | |||
r-devel-linux-x86_64-fedora-gcc | 0.9.4-2 | 405.40 | NOTE | |||
r-devel-windows-x86_64 | 0.9.4-2 | 51.00 | 289.00 | 340.00 | OK | |
r-patched-linux-x86_64 | 0.9.4-2 | 29.33 | 265.91 | 295.24 | OK | |
r-release-linux-x86_64 | 0.9.4-2 | 32.88 | 258.78 | 291.66 | OK | |
r-release-macos-arm64 | 0.9.4-2 | 93.00 | NOTE | |||
r-release-macos-x86_64 | 0.9.4-2 | 8.00 | ERROR | |||
r-release-windows-x86_64 | 0.9.4-2 | 45.00 | 277.00 | 322.00 | OK | |
r-oldrel-macos-arm64 | 0.9.4-2 | 119.00 | NOTE | |||
r-oldrel-macos-x86_64 | 0.9.4-2 | 7.00 | ERROR | |||
r-oldrel-windows-ix86+x86_64 | 0.9.4-2 | 63.00 | 276.00 | 339.00 | OK |
Version: 0.9.4-2
Check: dependencies in R code
Result: NOTE
Namespaces in Imports field not imported from:
‘knitr’ ‘rmarkdown’
All declared Imports should be used.
Flavors: r-devel-linux-x86_64-fedora-clang, r-devel-linux-x86_64-fedora-gcc, r-release-macos-arm64, r-oldrel-macos-arm64
Version: 0.9.4-2
Check: package dependencies
Result: ERROR
Package required but not available: ‘bamsignals’
See section ‘The DESCRIPTION file’ in the ‘Writing R Extensions’
manual.
Flavors: r-release-macos-x86_64, r-oldrel-macos-x86_64