CRAN Package Check Results for Package homals

Last updated on 2021-07-24 01:50:04 CEST.

Flavor Version Tinstall Tcheck Ttotal Status Flags
r-devel-linux-x86_64-debian-clang 1.0-9 5.85 58.17 64.02 OK
r-devel-linux-x86_64-debian-gcc 1.0-9 3.87 43.06 46.93 OK
r-devel-linux-x86_64-fedora-clang 1.0-9 82.94 NOTE
r-devel-linux-x86_64-fedora-gcc 1.0-9 72.36 OK
r-devel-windows-x86_64 1.0-9 5.00 54.00 59.00 OK
r-devel-windows-x86_64-gcc10-UCRT 1.0-9 OK
r-patched-linux-x86_64 1.0-9 5.33 55.33 60.66 OK
r-patched-solaris-x86 1.0-9 93.30 OK
r-release-linux-x86_64 1.0-9 4.38 56.00 60.38 OK
r-release-macos-arm64 1.0-9 OK
r-release-macos-x86_64 1.0-9 OK
r-release-windows-ix86+x86_64 1.0-9 10.00 49.00 59.00 OK
r-oldrel-macos-x86_64 1.0-9 OK
r-oldrel-windows-ix86+x86_64 1.0-9 10.00 54.00 64.00 OK

Check Details

Version: 1.0-9
Check: Rd cross-references
Result: NOTE
    Undeclared package ‘rgl’ in Rd xrefs
Flavor: r-devel-linux-x86_64-fedora-clang