CRAN Package Check Results for Package horserule

Last updated on 2020-08-12 01:47:02 CEST.

Flavor Version Tinstall Tcheck Ttotal Status Flags
r-devel-linux-x86_64-debian-clang 1.0.0 11.51 120.62 132.13 NOTE
r-devel-linux-x86_64-debian-gcc 1.0.0 9.84 87.34 97.18 NOTE
r-devel-linux-x86_64-fedora-clang 1.0.0 162.25 NOTE
r-devel-linux-x86_64-fedora-gcc 1.0.0 149.62 NOTE
r-devel-windows-ix86+x86_64 1.0.0 25.00 156.00 181.00 OK
r-patched-linux-x86_64 1.0.0 9.88 113.07 122.95 NOTE
r-patched-solaris-x86 1.0.0 226.40 NOTE
r-release-linux-x86_64 1.0.0 11.58 113.16 124.74 NOTE
r-release-macos-x86_64 1.0.0 NOTE
r-release-windows-ix86+x86_64 1.0.0 37.00 129.00 166.00 OK
r-oldrel-macos-x86_64 1.0.0 NOTE
r-oldrel-windows-ix86+x86_64 1.0.0 23.00 116.00 139.00 OK

Check Details

Version: 1.0.0
Check: for non-standard things in the check directory
Result: NOTE
    Found the following files/directories:
     'NUL'
Flavors: r-devel-linux-x86_64-debian-clang, r-devel-linux-x86_64-debian-gcc, r-devel-linux-x86_64-fedora-clang, r-devel-linux-x86_64-fedora-gcc, r-patched-linux-x86_64, r-patched-solaris-x86, r-release-linux-x86_64

Version: 1.0.0
Check: dependencies in R code
Result: NOTE
    Namespaces in Imports field not imported from:
     ‘MASS’ ‘Rdpack’
     All declared Imports should be used.
Flavors: r-devel-linux-x86_64-fedora-clang, r-devel-linux-x86_64-fedora-gcc, r-patched-solaris-x86, r-release-macos-x86_64, r-oldrel-macos-x86_64