CRAN Package Check Results for Package hsdar

Last updated on 2022-12-06 00:51:12 CET.

Flavor Version Tinstall Tcheck Ttotal Status Flags
r-devel-linux-x86_64-debian-clang 1.0.4 107.61 601.15 708.76 NOTE
r-devel-linux-x86_64-debian-gcc 1.0.4 87.29 437.53 524.82 NOTE
r-devel-linux-x86_64-fedora-clang 1.0.4 907.14 NOTE
r-devel-linux-x86_64-fedora-gcc 1.0.4 870.94 NOTE
r-devel-windows-x86_64 1.0.4 170.00 675.00 845.00 NOTE
r-patched-linux-x86_64 1.0.4 94.25 564.47 658.72 OK
r-release-linux-x86_64 1.0.4 73.54 566.00 639.54 OK
r-release-macos-arm64 1.0.4 197.00 NOTE
r-release-macos-x86_64 1.0.4 350.00 NOTE
r-release-windows-x86_64 1.0.4 184.00 666.00 850.00 NOTE
r-oldrel-macos-arm64 1.0.4 134.00 NOTE
r-oldrel-macos-x86_64 1.0.4 267.00 NOTE
r-oldrel-windows-ix86+x86_64 1.0.4 205.00 820.00 1025.00 NOTE

Check Details

Version: 1.0.4
Check: Rd files
Result: NOTE
    checkRd: (-1) attributes_speclib.Rd:73: Escaped LaTeX specials: \$
    checkRd: (-1) get_reflectance.Rd:34: Escaped LaTeX specials: \&
Flavors: r-devel-linux-x86_64-debian-clang, r-devel-linux-x86_64-debian-gcc, r-devel-linux-x86_64-fedora-clang, r-devel-linux-x86_64-fedora-gcc, r-devel-windows-x86_64

Version: 1.0.4
Check: installed package size
Result: NOTE
     installed size is 6.1Mb
     sub-directories of 1Mb or more:
     R 2.1Mb
     doc 2.5Mb
Flavors: r-devel-linux-x86_64-fedora-clang, r-devel-windows-x86_64, r-release-macos-arm64, r-release-macos-x86_64, r-release-windows-x86_64, r-oldrel-macos-arm64, r-oldrel-macos-x86_64, r-oldrel-windows-ix86+x86_64