CRAN Package Check Results for Package hsphase

Last updated on 2020-07-11 02:09:24 CEST.

Flavor Version Tinstall Tcheck Ttotal Status Flags
r-devel-linux-x86_64-debian-clang 2.0.2 60.69 52.11 112.80 OK
r-devel-linux-x86_64-debian-gcc 2.0.2 49.21 39.78 88.99 OK
r-devel-linux-x86_64-fedora-clang 2.0.2 177.58 NOTE
r-devel-linux-x86_64-fedora-gcc 2.0.2 150.17 NOTE
r-devel-windows-ix86+x86_64 2.0.2 173.00 112.00 285.00 OK
r-patched-linux-x86_64 2.0.2 53.17 52.36 105.53 OK
r-patched-solaris-x86 2.0.2 147.50 OK
r-release-linux-x86_64 2.0.2 52.94 52.02 104.96 OK
r-release-osx-x86_64 2.0.2 OK
r-release-windows-ix86+x86_64 2.0.2 143.00 130.00 273.00 OK
r-oldrel-osx-x86_64 2.0.2 OK
r-oldrel-windows-ix86+x86_64 2.0.2 171.00 113.00 284.00 OK

Check Details

Version: 2.0.2
Check: compiled code
Result: NOTE
    File ‘hsphase/libs/hsphase.so’:
     Found no calls to: ‘R_registerRoutines’, ‘R_useDynamicSymbols’
    
    It is good practice to register native routines and to disable symbol
    search.
    
    See ‘Writing portable packages’ in the ‘Writing R Extensions’ manual.
Flavors: r-devel-linux-x86_64-fedora-clang, r-devel-linux-x86_64-fedora-gcc