Last updated on 2023-02-03 00:51:04 CET.
Flavor | Version | Tinstall | Tcheck | Ttotal | Status | Flags |
---|---|---|---|---|---|---|
r-devel-linux-x86_64-debian-clang | 0.1.0 | 4.58 | 39.54 | 44.12 | NOTE | |
r-devel-linux-x86_64-debian-gcc | 0.1.0 | 3.76 | 29.24 | 33.00 | NOTE | |
r-devel-linux-x86_64-fedora-clang | 0.1.0 | 53.60 | NOTE | |||
r-devel-linux-x86_64-fedora-gcc | 0.1.0 | 51.40 | NOTE | |||
r-devel-windows-x86_64 | 0.1.0 | 14.00 | 77.00 | 91.00 | NOTE | |
r-patched-linux-x86_64 | 0.1.0 | 3.57 | 39.25 | 42.82 | NOTE | |
r-release-linux-x86_64 | 0.1.0 | 4.02 | 39.07 | 43.09 | NOTE | |
r-release-macos-arm64 | 0.1.0 | 21.00 | NOTE | |||
r-release-macos-x86_64 | 0.1.0 | 36.00 | NOTE | |||
r-release-windows-x86_64 | 0.1.0 | 15.00 | 75.00 | 90.00 | NOTE | |
r-oldrel-macos-arm64 | 0.1.0 | 25.00 | NOTE | |||
r-oldrel-macos-x86_64 | 0.1.0 | 35.00 | NOTE | |||
r-oldrel-windows-ix86+x86_64 | 0.1.0 | 13.00 | 65.00 | 78.00 | NOTE |
Version: 0.1.0
Check: LazyData
Result: NOTE
'LazyData' is specified without a 'data' directory
Flavors: r-devel-linux-x86_64-debian-clang, r-devel-linux-x86_64-debian-gcc, r-devel-linux-x86_64-fedora-clang, r-devel-linux-x86_64-fedora-gcc, r-devel-windows-x86_64, r-patched-linux-x86_64, r-release-linux-x86_64, r-release-macos-arm64, r-release-macos-x86_64, r-release-windows-x86_64, r-oldrel-macos-arm64, r-oldrel-macos-x86_64, r-oldrel-windows-ix86+x86_64