CRAN Package Check Results for Package httk

Last updated on 2020-06-03 01:50:48 CEST.

Flavor Version Tinstall Tcheck Ttotal Status Flags
r-devel-linux-x86_64-debian-clang 2.0.1 24.78 293.34 318.12 OK --no-vignettes
r-devel-linux-x86_64-debian-gcc 2.0.1 20.20 219.38 239.58 OK --no-vignettes
r-devel-linux-x86_64-fedora-clang 2.0.1 1074.92 NOTE
r-devel-linux-x86_64-fedora-gcc 2.0.1 846.05 OK
r-devel-windows-ix86+x86_64 2.0.1 57.00 973.00 1030.00 NOTE
r-patched-linux-x86_64 2.0.1 22.05 264.92 286.97 OK --no-vignettes
r-patched-solaris-x86 2.0.1 956.30 NOTE
r-release-linux-x86_64 2.0.1 21.99 268.52 290.51 OK --no-vignettes
r-release-osx-x86_64 2.0.1 NOTE
r-release-windows-ix86+x86_64 2.0.1 42.00 727.00 769.00 NOTE
r-oldrel-osx-x86_64 2.0.1 NOTE
r-oldrel-windows-ix86+x86_64 2.0.1 40.00 777.00 817.00 NOTE

Check Details

Version: 2.0.1
Check: installed package size
Result: NOTE
     installed size is 11.9Mb
     sub-directories of 1Mb or more:
     data 8.3Mb
     doc 2.1Mb
Flavors: r-devel-linux-x86_64-fedora-clang, r-devel-windows-ix86+x86_64, r-patched-solaris-x86, r-release-osx-x86_64, r-release-windows-ix86+x86_64, r-oldrel-osx-x86_64, r-oldrel-windows-ix86+x86_64