CRAN Package Check Results for Package httpcache

Last updated on 2021-06-22 01:49:17 CEST.

Flavor Version Tinstall Tcheck Ttotal Status Flags
r-devel-linux-x86_64-debian-clang 1.2.0 2.48 30.06 32.54 OK
r-devel-linux-x86_64-debian-gcc 1.2.0 1.93 23.14 25.07 OK
r-devel-linux-x86_64-fedora-clang 1.2.0 49.64 OK
r-devel-linux-x86_64-fedora-gcc 1.2.0 38.34 OK
r-devel-windows-x86_64 1.2.0 4.00 38.00 42.00 OK
r-devel-windows-x86_64-gcc10-UCRT 1.2.0 ERROR
r-patched-linux-x86_64 1.2.0 2.26 28.88 31.14 OK
r-patched-solaris-x86 1.2.0 56.60 OK
r-release-linux-x86_64 1.2.0 2.23 29.16 31.39 OK
r-release-macos-arm64 1.2.0 OK
r-release-macos-x86_64 1.2.0 OK
r-release-windows-ix86+x86_64 1.2.0 5.00 52.00 57.00 OK
r-oldrel-macos-x86_64 1.2.0 OK

Check Details

Version: 1.2.0
Check: package dependencies
Result: ERROR
    Package required but not available: 'httr'
    
    Package suggested but not available for checking: 'httptest'
    
    See section 'The DESCRIPTION file' in the 'Writing R Extensions'
    manual.
Flavor: r-devel-windows-x86_64-gcc10-UCRT