CRAN Package Check Results for Package httptest

Last updated on 2022-12-02 00:52:19 CET.

Flavor Version Tinstall Tcheck Ttotal Status Flags
r-devel-linux-x86_64-debian-clang 4.1.0 3.70 68.03 71.73 OK
r-devel-linux-x86_64-debian-gcc 4.1.0 3.38 51.43 54.81 OK
r-devel-linux-x86_64-fedora-clang 4.1.0 101.19 OK
r-devel-linux-x86_64-fedora-gcc 4.1.0 102.83 OK
r-devel-windows-x86_64 4.1.0 30.00 111.00 141.00 OK
r-patched-linux-x86_64 4.1.0 4.01 63.53 67.54 OK
r-release-linux-x86_64 4.1.0 3.01 62.14 65.15 OK
r-release-macos-arm64 4.1.0 33.00 OK
r-release-macos-x86_64 4.1.0 67.00 OK
r-release-windows-x86_64 4.1.0 33.00 112.00 145.00 OK
r-oldrel-macos-arm64 4.1.0 32.00 OK
r-oldrel-macos-x86_64 4.1.0 40.00 OK
r-oldrel-windows-ix86+x86_64 4.1.0 11.00 110.00 121.00 WARN

Check Details

Version: 4.1.0
Check: for unstated dependencies in ‘tests’
Result: WARN
    Warning: unable to access index for repository https://bioconductor.org/packages/3.14/bioc/src/contrib:
     cannot open URL 'https://bioconductor.org/packages/3.14/bioc/src/contrib/PACKAGES'
    Warning: unable to access index for repository https://bioconductor.org/packages/3.14/data/annotation/src/contrib:
     cannot open URL 'https://bioconductor.org/packages/3.14/data/annotation/src/contrib/PACKAGES'
    Warning: unable to access index for repository https://bioconductor.org/packages/3.14/data/experiment/src/contrib:
     cannot open URL 'https://bioconductor.org/packages/3.14/data/experiment/src/contrib/PACKAGES'
Flavor: r-oldrel-windows-ix86+x86_64