Last updated on 2023-03-23 06:52:23 CET.
Flavor | Version | Tinstall | Tcheck | Ttotal | Status | Flags |
---|---|---|---|---|---|---|
r-devel-linux-x86_64-debian-clang | 0.1.0 | 3.69 | 56.86 | 60.55 | OK | |
r-devel-linux-x86_64-debian-gcc | 0.1.0 | 3.51 | 45.38 | 48.89 | OK | |
r-devel-linux-x86_64-fedora-clang | 0.1.0 | 82.89 | OK | |||
r-devel-linux-x86_64-fedora-gcc | 0.1.0 | 86.15 | OK | |||
r-patched-linux-x86_64 | 0.1.0 | 4.61 | 60.75 | 65.36 | OK | |
r-release-linux-x86_64 | 0.1.0 | 3.48 | 60.84 | 64.32 | OK | |
r-release-macos-arm64 | 0.1.0 | 28.00 | OK | |||
r-release-macos-x86_64 | 0.1.0 | 56.00 | OK | |||
r-release-windows-x86_64 | 0.1.0 | 8.00 | 108.00 | 116.00 | OK | |
r-oldrel-macos-arm64 | 0.1.0 | 25.00 | OK | |||
r-oldrel-macos-x86_64 | 0.1.0 | 40.00 | OK | |||
r-oldrel-windows-ix86+x86_64 | 0.1.0 | 12.00 | 103.00 | 115.00 | WARN |
Version: 0.1.0
Check: for unstated dependencies in ‘tests’
Result: WARN
Warning: unable to access index for repository https://bioconductor.org/packages/3.14/bioc/src/contrib:
cannot open URL 'https://bioconductor.org/packages/3.14/bioc/src/contrib/PACKAGES'
Warning: unable to access index for repository https://bioconductor.org/packages/3.14/data/annotation/src/contrib:
cannot open URL 'https://bioconductor.org/packages/3.14/data/annotation/src/contrib/PACKAGES'
Warning: unable to access index for repository https://bioconductor.org/packages/3.14/data/experiment/src/contrib:
cannot open URL 'https://bioconductor.org/packages/3.14/data/experiment/src/contrib/PACKAGES'
Flavor: r-oldrel-windows-ix86+x86_64