CRAN Package Check Results for Package httpuv

Last updated on 2020-08-06 02:09:26 CEST.

Flavor Version Tinstall Tcheck Ttotal Status Flags
r-devel-linux-x86_64-debian-clang 1.5.4 268.52 38.90 307.42 NOTE
r-devel-linux-x86_64-debian-gcc 1.5.4 201.37 31.52 232.89 NOTE
r-devel-linux-x86_64-fedora-clang 1.5.4 442.24 NOTE
r-devel-linux-x86_64-fedora-gcc 1.5.4 397.42 NOTE
r-devel-windows-ix86+x86_64 1.5.4 734.00 93.00 827.00 NOTE
r-patched-linux-x86_64 1.5.4 222.77 38.81 261.58 NOTE
r-patched-solaris-x86 1.5.4 321.00 NOTE
r-release-linux-x86_64 1.5.4 213.50 38.79 252.29 NOTE
r-release-macos-x86_64 1.5.4 NOTE
r-release-windows-ix86+x86_64 1.5.4 722.00 98.00 820.00 NOTE
r-oldrel-macos-x86_64 1.5.4 NOTE
r-oldrel-windows-ix86+x86_64 1.5.4 464.00 100.00 564.00 NOTE

Check Details

Version: 1.5.4
Check: for GNU extensions in Makefiles
Result: NOTE
    GNU make is a SystemRequirements.
Flavors: r-devel-linux-x86_64-debian-clang, r-devel-linux-x86_64-debian-gcc, r-devel-linux-x86_64-fedora-clang, r-devel-linux-x86_64-fedora-gcc, r-devel-windows-ix86+x86_64, r-patched-linux-x86_64, r-patched-solaris-x86, r-release-linux-x86_64, r-release-macos-x86_64, r-release-windows-ix86+x86_64, r-oldrel-macos-x86_64, r-oldrel-windows-ix86+x86_64

Version: 1.5.4
Check: installed package size
Result: NOTE
     installed size is 10.9Mb
     sub-directories of 1Mb or more:
     libs 10.5Mb
Flavors: r-devel-linux-x86_64-fedora-clang, r-release-macos-x86_64, r-oldrel-macos-x86_64