CRAN Package Check Results for Package huxtable

Last updated on 2024-02-26 08:48:47 CET.

Flavor Version Tinstall Tcheck Ttotal Status Flags
r-devel-linux-x86_64-debian-clang 5.5.6 15.92 186.99 202.91 OK
r-devel-linux-x86_64-debian-gcc 5.5.6 15.03 196.07 211.10 OK
r-devel-linux-x86_64-fedora-clang 5.5.6 354.02 NOTE
r-devel-linux-x86_64-fedora-gcc 5.5.6 363.56 NOTE
r-devel-windows-x86_64 5.5.6 16.00 243.00 259.00 OK
r-patched-linux-x86_64 5.5.6 17.65 180.81 198.46 OK
r-release-linux-x86_64 5.5.6 16.52 180.58 197.10 OK
r-release-macos-arm64 5.5.6 89.00 OK
r-release-macos-x86_64 5.5.6 175.00 OK
r-release-windows-x86_64 5.5.6 21.00 295.00 316.00 OK
r-oldrel-macos-arm64 5.5.6 86.00 OK
r-oldrel-windows-x86_64 5.5.6 22.00 275.00 297.00 OK

Check Details

Version: 5.5.6
Check: dependencies in R code
Result: NOTE Namespaces in Imports field not imported from: ‘R6’ ‘xml2’ All declared Imports should be used. Flavors: r-devel-linux-x86_64-fedora-clang, r-devel-linux-x86_64-fedora-gcc