CRAN Package Check Results for Package huxtable

Last updated on 2022-01-28 00:48:57 CET.

Flavor Version Tinstall Tcheck Ttotal Status Flags
r-devel-linux-x86_64-debian-clang 5.4.0 19.78 196.38 216.16 OK
r-devel-linux-x86_64-debian-gcc 5.4.0 12.27 144.22 156.49 OK
r-devel-linux-x86_64-fedora-clang 5.4.0 248.93 NOTE
r-devel-linux-x86_64-fedora-gcc 5.4.0 250.16 NOTE
r-devel-windows-x86_64-new-UL 5.4.0 364.00 258.00 622.00 OK
r-devel-windows-x86_64-new-TK 5.4.0 NOTE
r-patched-linux-x86_64 5.4.0 13.91 186.28 200.19 OK
r-release-linux-x86_64 5.4.0 16.45 187.44 203.89 OK
r-release-macos-arm64 5.4.0 NOTE
r-release-macos-x86_64 5.4.0 NOTE
r-release-windows-ix86+x86_64 5.4.0 30.00 237.00 267.00 OK
r-oldrel-macos-x86_64 5.4.0 NOTE
r-oldrel-windows-ix86+x86_64 5.4.0 28.00 232.00 260.00 OK

Check Details

Version: 5.4.0
Check: dependencies in R code
Result: NOTE
    Namespaces in Imports field not imported from:
     ‘R6’ ‘xml2’
     All declared Imports should be used.
Flavors: r-devel-linux-x86_64-fedora-clang, r-devel-linux-x86_64-fedora-gcc, r-devel-windows-x86_64-new-TK, r-release-macos-arm64, r-release-macos-x86_64, r-oldrel-macos-x86_64

Version: 5.4.0
Check: package dependencies
Result: NOTE
    Packages suggested but not available for checking: 'AER', 'lme4'
Flavor: r-devel-windows-x86_64-new-TK