CRAN Package Check Results for Package hwsdr

Last updated on 2022-06-25 01:49:02 CEST.

Flavor Version Tinstall Tcheck Ttotal Status Flags
r-devel-linux-x86_64-debian-clang 1.0 2.13 51.84 53.97 OK
r-devel-linux-x86_64-debian-gcc 1.0 1.61 38.98 40.59 OK
r-devel-linux-x86_64-fedora-clang 1.0 73.07 NOTE
r-devel-linux-x86_64-fedora-gcc 1.0 71.92 NOTE
r-devel-windows-x86_64 1.0 15.00 77.00 92.00 OK
r-patched-linux-x86_64 1.0 1.69 49.50 51.19 OK
r-release-linux-x86_64 1.0 2.03 48.81 50.84 OK
r-release-macos-arm64 1.0 23.00 NOTE
r-release-macos-x86_64 1.0 32.00 NOTE
r-release-windows-x86_64 1.0 9.00 82.00 91.00 OK
r-oldrel-macos-arm64 1.0 25.00 NOTE
r-oldrel-macos-x86_64 1.0 26.00 NOTE
r-oldrel-windows-ix86+x86_64 1.0 6.00 67.00 73.00 OK

Check Details

Version: 1.0
Check: data for non-ASCII characters
Result: NOTE
     Note: found 1 marked UTF-8 string
Flavors: r-devel-linux-x86_64-fedora-clang, r-devel-linux-x86_64-fedora-gcc, r-release-macos-arm64, r-release-macos-x86_64, r-oldrel-macos-arm64, r-oldrel-macos-x86_64