CRAN Package Check Results for Package hybridEnsemble

Last updated on 2022-11-27 00:55:44 CET.

Flavor Version Tinstall Tcheck Ttotal Status Flags
r-devel-linux-x86_64-debian-clang 1.7.8 12.94 114.43 127.37 OK
r-devel-linux-x86_64-debian-gcc 1.7.8 12.37 87.20 99.57 OK
r-devel-linux-x86_64-fedora-clang 1.7.8 175.24 NOTE
r-devel-linux-x86_64-fedora-gcc 1.7.8 176.38 OK
r-devel-windows-x86_64 1.7.8 26.00 141.00 167.00 OK
r-patched-linux-x86_64 1.7.8 OK
r-release-linux-x86_64 1.7.8 14.80 112.49 127.29 OK
r-release-macos-arm64 1.7.8 44.00 OK
r-release-macos-x86_64 1.7.8 65.00 OK
r-release-windows-x86_64 1.7.8 45.00 140.00 185.00 OK
r-oldrel-macos-arm64 1.7.8 40.00 OK
r-oldrel-macos-x86_64 1.7.8 62.00 OK
r-oldrel-windows-ix86+x86_64 1.7.8 29.00 129.00 158.00 OK

Check Details

Version: 1.7.8
Check: package dependencies
Result: NOTE
    Imports includes 23 non-default packages.
    Importing from so many packages makes the package vulnerable to any of
    them becoming unavailable. Move as many as possible to Suggests and
    use conditionally.
Flavor: r-devel-linux-x86_64-fedora-clang