CRAN Package Check Results for Package hydroApps

Last updated on 2020-03-30 02:48:32 CEST.

Flavor Version Tinstall Tcheck Ttotal Status Flags
r-devel-linux-x86_64-debian-clang 0.1-1 NOTE
r-devel-linux-x86_64-debian-gcc 0.1-1 1.86 17.71 19.57 NOTE
r-devel-linux-x86_64-fedora-clang 0.1-1 30.39 NOTE
r-devel-linux-x86_64-fedora-gcc 0.1-1 29.35 NOTE
r-devel-windows-ix86+x86_64 0.1-1 5.00 47.00 52.00 NOTE
r-devel-windows-ix86+x86_64-gcc8 0.1-1 5.00 36.00 41.00 NOTE
r-patched-linux-x86_64 0.1-1 2.93 21.95 24.88 NOTE
r-patched-solaris-x86 0.1-1 45.40 NOTE
r-release-linux-x86_64 0.1-1 2.29 20.55 22.84 NOTE
r-release-windows-ix86+x86_64 0.1-1 4.00 46.00 50.00 NOTE
r-release-osx-x86_64 0.1-1 NOTE
r-oldrel-windows-ix86+x86_64 0.1-1 3.00 30.00 33.00 NOTE
r-oldrel-osx-x86_64 0.1-1 NOTE

Check Details

Version: 0.1-1
Check: R code for possible problems
Result: NOTE
    ARPIEM2012.Lmom.sample: no visible global function definition for 'var'
    ARPIEM2012.freq: no visible binding for global variable 'quantile'
    ARPIEM2012.sim.Lmoments : ARPIEM2012.sim.Qind_camp: no visible global
     function definition for 'rnorm'
    ARPIEM2012.sim.Lmoments : ARPIEM2012.sim.Qind_reg_moltiplicativo: no
     visible global function definition for 'rnorm'
    ARPIEM2012.sim.Lmoments : ARPIEM2012.sim.LCV_camp.LCA_camp: no visible
     global function definition for 'rnorm'
    ARPIEM2012.sim.Lmoments : ARPIEM2012.sim.LCV_camp.LCA_reg_additivo: no
     visible global function definition for 'rnorm'
    ARPIEM2012.sim.Lmoments :
     ARPIEM2012.sim.LCV_reg_moltiplicativo.LCA_reg_additivo: no visible
     global function definition for 'rnorm'
    Undefined global functions or variables:
     quantile rnorm var
    Consider adding
     importFrom("stats", "quantile", "rnorm", "var")
    to your NAMESPACE file.
Flavors: r-devel-linux-x86_64-debian-clang, r-devel-linux-x86_64-debian-gcc, r-devel-linux-x86_64-fedora-clang, r-devel-linux-x86_64-fedora-gcc, r-devel-windows-ix86+x86_64, r-devel-windows-ix86+x86_64-gcc8, r-patched-linux-x86_64, r-patched-solaris-x86, r-release-linux-x86_64, r-release-windows-ix86+x86_64, r-release-osx-x86_64, r-oldrel-windows-ix86+x86_64, r-oldrel-osx-x86_64