CRAN Package Check Results for Package hydroGOF

Last updated on 2021-09-22 01:48:47 CEST.

Flavor Version Tinstall Tcheck Ttotal Status Flags
r-devel-linux-x86_64-debian-clang 0.4-0 10.58 88.30 98.88 OK
r-devel-linux-x86_64-debian-gcc 0.4-0 7.79 70.43 78.22 OK
r-devel-linux-x86_64-fedora-clang 0.4-0 128.18 OK
r-devel-linux-x86_64-fedora-gcc 0.4-0 123.75 OK
r-devel-windows-x86_64 0.4-0 12.00 129.00 141.00 OK
r-devel-windows-x86_64-gcc10-UCRT 0.4-0 ERROR
r-patched-linux-x86_64 0.4-0 10.35 74.90 85.25 OK
r-patched-solaris-x86 0.4-0 153.80 OK
r-release-linux-x86_64 0.4-0 8.40 75.34 83.74 OK
r-release-macos-arm64 0.4-0 OK
r-release-macos-x86_64 0.4-0 OK
r-release-windows-ix86+x86_64 0.4-0 25.00 106.00 131.00 OK
r-oldrel-macos-x86_64 0.4-0 OK
r-oldrel-windows-ix86+x86_64 0.4-0 27.00 115.00 142.00 OK

Check Details

Version: 0.4-0
Check: whether package can be installed
Result: WARN
    Found the following significant warnings:
     WARNING: installation-time patches will not be applied, could not get the patches index
Flavor: r-devel-windows-x86_64-gcc10-UCRT

Version: 0.4-0
Check: PDF version of manual
Result: WARN
    LaTeX errors when creating PDF version.
    This typically indicates Rd problems.
Flavor: r-devel-windows-x86_64-gcc10-UCRT

Version: 0.4-0
Check: PDF version of manual without hyperrefs or index
Result: ERROR
    Re-running with no redirection of stdout/stderr.
Flavor: r-devel-windows-x86_64-gcc10-UCRT