CRAN Package Check Results for Package hyfo

Last updated on 2020-01-24 00:49:04 CET.

Flavor Version Tinstall Tcheck Ttotal Status Flags
r-devel-linux-x86_64-debian-clang 1.4.0 10.54 117.44 127.98 NOTE
r-devel-linux-x86_64-debian-gcc 1.4.0 9.67 87.82 97.49 NOTE
r-devel-linux-x86_64-fedora-clang 1.4.0 152.46 NOTE
r-devel-linux-x86_64-fedora-gcc 1.4.0 147.53 NOTE
r-devel-windows-ix86+x86_64 1.4.0 33.00 227.00 260.00 OK
r-devel-windows-ix86+x86_64-gcc8 1.4.0 46.00 171.00 217.00 OK
r-patched-linux-x86_64 1.4.0 8.04 105.17 113.21 OK
r-patched-solaris-x86 1.4.0 202.40 OK
r-release-linux-x86_64 1.4.0 8.50 104.25 112.75 OK
r-release-windows-ix86+x86_64 1.4.0 24.00 215.00 239.00 OK
r-release-osx-x86_64 1.4.0 OK
r-oldrel-windows-ix86+x86_64 1.4.0 18.00 133.00 151.00 OK
r-oldrel-osx-x86_64 1.4.0 OK

Check Details

Version: 1.4.0
Check: for non-standard things in the check directory
Result: NOTE
    Found the following files/directories:
     'test.nc'
Flavors: r-devel-linux-x86_64-debian-clang, r-devel-linux-x86_64-debian-gcc, r-devel-linux-x86_64-fedora-clang, r-devel-linux-x86_64-fedora-gcc