CRAN Package Check Results for Package hyperSpec

Last updated on 2021-01-20 00:48:18 CET.

Flavor Version Tinstall Tcheck Ttotal Status Flags
r-devel-linux-x86_64-debian-clang 0.99-20201127 18.21 323.09 341.30 OK
r-devel-linux-x86_64-debian-gcc 0.99-20201127 13.80 244.68 258.48 OK
r-devel-linux-x86_64-fedora-clang 0.99-20201127 410.71 NOTE
r-devel-linux-x86_64-fedora-gcc 0.99-20201127 399.50 OK
r-devel-windows-ix86+x86_64 0.99-20201127 25.00 314.00 339.00 OK
r-patched-linux-x86_64 0.99-20201127 14.80 308.65 323.45 OK
r-patched-solaris-x86 0.99-20201127 494.40 OK
r-release-linux-x86_64 0.99-20201127 15.79 308.48 324.27 OK
r-release-macos-x86_64 0.99-20201127 OK
r-release-windows-ix86+x86_64 0.99-20201127 25.00 305.00 330.00 OK
r-oldrel-macos-x86_64 0.99-20201127 OK
r-oldrel-windows-ix86+x86_64 0.99-20201127 21.00 263.00 284.00 OK

Additional issues

M1mac

Check Details

Version: 0.99-20201127
Check: Rd cross-references
Result: NOTE
    Undeclared packages ‘reshape2’, ‘plyr’, ‘caTools’ in Rd xrefs
Flavor: r-devel-linux-x86_64-fedora-clang