CRAN Package Check Results for Package hyperSpec

Last updated on 2022-08-14 01:49:16 CEST.

Flavor Version Tinstall Tcheck Ttotal Status Flags
r-devel-linux-x86_64-debian-clang 0.100.0 18.60 592.36 610.96 NOTE
r-devel-linux-x86_64-debian-gcc 0.100.0 15.88 412.16 428.04 NOTE
r-devel-linux-x86_64-fedora-clang 0.100.0 678.00 NOTE
r-devel-linux-x86_64-fedora-gcc 0.100.0 401.38 NOTE
r-devel-windows-x86_64 0.100.0 180.00 1046.00 1226.00 NOTE
r-patched-linux-x86_64 0.100.0 17.43 588.64 606.07 OK
r-release-linux-x86_64 0.100.0 13.27 588.76 602.03 OK
r-release-macos-arm64 0.100.0 132.00 OK
r-release-macos-x86_64 0.100.0 278.00 OK
r-release-windows-x86_64 0.100.0 154.00 1098.00 1252.00 OK
r-oldrel-macos-arm64 0.100.0 149.00 OK
r-oldrel-macos-x86_64 0.100.0 188.00 OK
r-oldrel-windows-ix86+x86_64 0.100.0 39.00 681.00 720.00 OK

Additional issues

noSuggests

Check Details

Version: 0.100.0
Check: Rd files
Result: NOTE
    checkRd: (-1) palettes.Rd:25: Escaped LaTeX specials: \#
Flavors: r-devel-linux-x86_64-debian-clang, r-devel-linux-x86_64-debian-gcc, r-devel-linux-x86_64-fedora-clang, r-devel-linux-x86_64-fedora-gcc, r-devel-windows-x86_64