CRAN Package Check Results for Package hypervolume

Last updated on 2022-12-08 01:52:14 CET.

Flavor Version Tinstall Tcheck Ttotal Status Flags
r-devel-linux-x86_64-debian-clang 3.1.0 87.12 513.78 600.90 OK
r-devel-linux-x86_64-debian-gcc 3.1.0 70.51 390.97 461.48 OK
r-devel-linux-x86_64-fedora-clang 3.1.0 812.99 NOTE
r-devel-linux-x86_64-fedora-gcc 3.1.0 765.67 OK
r-devel-windows-x86_64 3.1.0 137.00 557.00 694.00 OK
r-patched-linux-x86_64 3.1.0 76.12 509.01 585.13 OK
r-release-linux-x86_64 3.1.0 67.23 478.95 546.18 OK
r-release-macos-arm64 3.1.0 226.00 OK
r-release-macos-x86_64 3.1.0 262.00 OK
r-release-windows-x86_64 3.1.0 145.00 582.00 727.00 OK
r-oldrel-macos-arm64 3.1.0 205.00 OK
r-oldrel-macos-x86_64 3.1.0 248.00 OK
r-oldrel-windows-ix86+x86_64 3.1.0 202.00 741.00 943.00 OK

Check Details

Version: 3.1.0
Check: package dependencies
Result: NOTE
    Imports includes 22 non-default packages.
    Importing from so many packages makes the package vulnerable to any of
    them becoming unavailable. Move as many as possible to Suggests and
    use conditionally.
Flavor: r-devel-linux-x86_64-fedora-clang