CRAN Package Check Results for Package hypervolume

Last updated on 2020-05-28 01:53:19 CEST.

Flavor Version Tinstall Tcheck Ttotal Status Flags
r-devel-linux-x86_64-debian-clang 2.0.12 57.91 162.72 220.63 OK
r-devel-linux-x86_64-debian-gcc 2.0.12 46.12 123.38 169.50 OK
r-devel-linux-x86_64-fedora-clang 2.0.12 278.52 OK
r-devel-linux-x86_64-fedora-gcc 2.0.12 267.37 OK
r-devel-windows-ix86+x86_64 2.0.12 144.00 263.00 407.00 OK
r-patched-linux-x86_64 2.0.12 46.83 159.54 206.37 OK
r-patched-solaris-x86 2.0.12 362.70 OK
r-release-linux-x86_64 2.0.12 44.91 160.51 205.42 OK
r-release-osx-x86_64 2.0.12 OK
r-release-windows-ix86+x86_64 2.0.12 155.00 356.00 511.00 OK
r-oldrel-osx-x86_64 2.0.12 WARN
r-oldrel-windows-ix86+x86_64 2.0.12 110.00 252.00 362.00 OK

Check Details

Version: 2.0.12
Check: whether package can be installed
Result: WARN
    Found the following significant warnings:
     Warning: 'rgl_init' failed, running with rgl.useNULL = TRUE
Flavor: r-oldrel-osx-x86_64

Version: 2.0.12
Check: dependencies in R code
Result: NOTE
    No protocol specified
Flavor: r-oldrel-osx-x86_64

Version: 2.0.12
Check: S3 generic/method consistency
Result: WARN
    No protocol specified
    See section ‘Generic functions and methods’ in the ‘Writing R
    Extensions’ manual.
Flavor: r-oldrel-osx-x86_64

Version: 2.0.12
Check: replacement functions
Result: WARN
    No protocol specified
    The argument of a replacement function which corresponds to the right
    hand side must be named ‘value’.
Flavor: r-oldrel-osx-x86_64

Version: 2.0.12
Check: foreign function calls
Result: NOTE
    No protocol specified
    See chapter ‘System and foreign language interfaces’ in the ‘Writing R
    Extensions’ manual.
Flavor: r-oldrel-osx-x86_64

Version: 2.0.12
Check: R code for possible problems
Result: NOTE
    No protocol specified
Flavor: r-oldrel-osx-x86_64

Version: 2.0.12
Check: for missing documentation entries
Result: WARN
    No protocol specified
    All user-level objects in a package should have documentation entries.
    See chapter ‘Writing R documentation files’ in the ‘Writing R
    Extensions’ manual.
Flavor: r-oldrel-osx-x86_64

Version: 2.0.12
Check: for code/documentation mismatches
Result: WARN
    No protocol specified
    No protocol specified
    No protocol specified
Flavor: r-oldrel-osx-x86_64

Version: 2.0.12
Check: Rd \usage sections
Result: NOTE
    No protocol specified
    The \usage entries for S3 methods should use the \method markup and not
    their full name.
    See chapter ‘Writing R documentation files’ in the ‘Writing R
    Extensions’ manual.
Flavor: r-oldrel-osx-x86_64