Last updated on 2022-07-03 01:48:56 CEST.
Flavor | Version | Tinstall | Tcheck | Ttotal | Status | Flags |
---|---|---|---|---|---|---|
r-devel-linux-x86_64-debian-clang | 0.0.2 | 3.67 | 43.99 | 47.66 | OK | |
r-devel-linux-x86_64-debian-gcc | 0.0.2 | 2.96 | 33.75 | 36.71 | OK | |
r-devel-linux-x86_64-fedora-clang | 0.0.2 | 67.32 | NOTE | |||
r-devel-linux-x86_64-fedora-gcc | 0.0.2 | 66.07 | NOTE | |||
r-devel-windows-x86_64 | 0.0.2 | 16.00 | 74.00 | 90.00 | OK | |
r-patched-linux-x86_64 | 0.0.2 | 3.75 | 42.53 | 46.28 | OK | |
r-release-linux-x86_64 | 0.0.2 | 3.72 | 42.27 | 45.99 | OK | |
r-release-macos-arm64 | 0.0.2 | 24.00 | NOTE | |||
r-release-macos-x86_64 | 0.0.2 | 34.00 | NOTE | |||
r-release-windows-x86_64 | 0.0.2 | 39.00 | 76.00 | 115.00 | OK | |
r-oldrel-macos-arm64 | 0.0.2 | 26.00 | NOTE | |||
r-oldrel-macos-x86_64 | 0.0.2 | 44.00 | NOTE | |||
r-oldrel-windows-ix86+x86_64 | 0.0.2 | 8.00 | 61.00 | 69.00 | OK |
Version: 0.0.2
Check: data for non-ASCII characters
Result: NOTE
Note: found 26215 marked UTF-8 strings
Flavors: r-devel-linux-x86_64-fedora-clang, r-devel-linux-x86_64-fedora-gcc, r-release-macos-arm64, r-release-macos-x86_64, r-oldrel-macos-arm64, r-oldrel-macos-x86_64