CRAN Package Check Results for Package iBATCGH

Last updated on 2020-07-11 02:09:24 CEST.

Flavor Version Tinstall Tcheck Ttotal Status Flags
r-devel-linux-x86_64-debian-clang 1.3 327.63 64.60 392.23 NOTE
r-devel-linux-x86_64-debian-gcc 1.3 240.93 50.93 291.86 NOTE
r-devel-linux-x86_64-fedora-clang 1.3 569.43 NOTE
r-devel-linux-x86_64-fedora-gcc 1.3 505.06 NOTE
r-devel-windows-ix86+x86_64 1.3 617.00 153.00 770.00 NOTE
r-patched-linux-x86_64 1.3 259.01 63.99 323.00 NOTE
r-patched-solaris-x86 1.3 427.10 NOTE
r-release-linux-x86_64 1.3 247.58 64.59 312.17 NOTE
r-release-osx-x86_64 1.3 NOTE
r-release-windows-ix86+x86_64 1.3 633.00 160.00 793.00 NOTE
r-oldrel-osx-x86_64 1.3 NOTE
r-oldrel-windows-ix86+x86_64 1.3 765.00 116.00 881.00 NOTE

Check Details

Version: 1.3
Check: line endings in C/C++/Fortran sources/headers
Result: NOTE
    Found the following sources/headers with CR or CRLF line endings:
     inst/include/MHRProbit.h
     inst/include/MHRmixture.h
     inst/include/MHXIProbit.h
     inst/include/MHXImixture.h
     inst/include/MixtureMain.h
     inst/include/ProbitMain.h
     inst/include/pRMHProbit.h
     inst/include/pRMHXIProbit.h
     inst/include/pRMHXImixture.h
     inst/include/pRMHmixture.h
     inst/include/prMixture.h
    Some Unix compilers require LF line endings.
Flavors: r-devel-linux-x86_64-debian-clang, r-devel-linux-x86_64-debian-gcc, r-devel-linux-x86_64-fedora-clang, r-devel-linux-x86_64-fedora-gcc, r-devel-windows-ix86+x86_64, r-patched-linux-x86_64, r-patched-solaris-x86, r-release-linux-x86_64, r-release-osx-x86_64, r-release-windows-ix86+x86_64, r-oldrel-osx-x86_64, r-oldrel-windows-ix86+x86_64

Version: 1.3
Check: installed package size
Result: NOTE
     installed size is 9.3Mb
     sub-directories of 1Mb or more:
     data 3.0Mb
     libs 6.1Mb
Flavors: r-devel-linux-x86_64-fedora-clang, r-devel-windows-ix86+x86_64, r-release-osx-x86_64, r-release-windows-ix86+x86_64, r-oldrel-osx-x86_64, r-oldrel-windows-ix86+x86_64

Version: 1.3
Check: compiled code
Result: NOTE
    File ‘iBATCGH/libs/iBATCGH.so’:
     Found no calls to: ‘R_registerRoutines’, ‘R_useDynamicSymbols’
    
    It is good practice to register native routines and to disable symbol
    search.
    
    See ‘Writing portable packages’ in the ‘Writing R Extensions’ manual.
Flavors: r-devel-linux-x86_64-fedora-clang, r-devel-linux-x86_64-fedora-gcc