Last updated on 2023-01-29 00:53:37 CET.
Flavor | Version | Tinstall | Tcheck | Ttotal | Status | Flags |
---|---|---|---|---|---|---|
r-devel-linux-x86_64-debian-clang | 1.6.5 | 44.76 | 200.72 | 245.48 | OK | |
r-devel-linux-x86_64-debian-gcc | 1.6.5 | 32.30 | 146.57 | 178.87 | OK | |
r-devel-linux-x86_64-fedora-clang | 1.6.5 | 323.10 | NOTE | |||
r-devel-linux-x86_64-fedora-gcc | 1.6.5 | 291.14 | OK | |||
r-devel-windows-x86_64 | 1.6.5 | 58.00 | 232.00 | 290.00 | OK | |
r-patched-linux-x86_64 | 1.6.5 | 49.63 | 189.30 | 238.93 | OK | |
r-release-linux-x86_64 | 1.6.5 | 40.27 | 187.93 | 228.20 | OK | |
r-release-macos-arm64 | 1.6.5 | 73.00 | OK | |||
r-release-macos-x86_64 | 1.6.5 | 130.00 | OK | |||
r-release-windows-x86_64 | 1.6.5 | 78.00 | 242.00 | 320.00 | OK | |
r-oldrel-macos-arm64 | 1.6.5 | 82.00 | OK | |||
r-oldrel-macos-x86_64 | 1.6.5 | 103.00 | OK | |||
r-oldrel-windows-ix86+x86_64 | 1.6.5 | 100.00 | 278.00 | 378.00 | OK |
Version: 1.6.5
Check: package dependencies
Result: NOTE
Imports includes 26 non-default packages.
Importing from so many packages makes the package vulnerable to any of
them becoming unavailable. Move as many as possible to Suggests and
use conditionally.
Flavor: r-devel-linux-x86_64-fedora-clang