CRAN Package Check Results for Package iNZightTools

Last updated on 2023-12-06 07:50:17 CET.

Flavor Version Tinstall Tcheck Ttotal Status Flags
r-devel-linux-x86_64-debian-clang 2.0.1 15.09 156.57 171.66 NOTE
r-devel-linux-x86_64-debian-gcc 2.0.1 12.33 120.17 132.50 NOTE
r-devel-linux-x86_64-fedora-clang 2.0.1 211.97 NOTE
r-devel-linux-x86_64-fedora-gcc 2.0.1 208.67 NOTE
r-devel-windows-x86_64 2.0.1 13.00 141.00 154.00 NOTE
r-patched-linux-x86_64 2.0.1 18.55 150.01 168.56 NOTE
r-release-linux-x86_64 2.0.1 8.77 153.35 162.12 NOTE
r-release-macos-arm64 2.0.1 60.00 NOTE
r-release-macos-x86_64 2.0.1 129.00 NOTE
r-release-windows-x86_64 2.0.1 17.00 167.00 184.00 NOTE
r-oldrel-macos-arm64 2.0.1 62.00 NOTE
r-oldrel-macos-x86_64 2.0.1 90.00 NOTE
r-oldrel-windows-x86_64 2.0.1 18.00 167.00 185.00 NOTE

Check Details

Version: 2.0.1
Check: package dependencies
Result: NOTE Package suggested but not available for checking: ‘surveyspec’ Flavors: r-devel-linux-x86_64-debian-clang, r-devel-linux-x86_64-debian-gcc, r-devel-linux-x86_64-fedora-clang, r-devel-linux-x86_64-fedora-gcc, r-devel-windows-x86_64, r-patched-linux-x86_64, r-release-linux-x86_64, r-release-macos-arm64, r-release-macos-x86_64, r-release-windows-x86_64, r-oldrel-macos-arm64, r-oldrel-macos-x86_64, r-oldrel-windows-x86_64