CRAN Package Check Results for Package iSDM

Last updated on 2020-08-12 01:47:03 CEST.

Flavor Version Tinstall Tcheck Ttotal Status Flags
r-devel-linux-x86_64-debian-clang 1.0 2.04 24.78 26.82 OK
r-devel-linux-x86_64-debian-gcc 1.0 2.20 19.13 21.33 OK
r-devel-linux-x86_64-fedora-clang 1.0 41.69 NOTE
r-devel-linux-x86_64-fedora-gcc 1.0 31.52 NOTE
r-devel-windows-ix86+x86_64 1.0 7.00 50.00 57.00 OK
r-patched-linux-x86_64 1.0 2.95 24.09 27.04 OK
r-patched-solaris-x86 1.0 50.20 NOTE
r-release-linux-x86_64 1.0 2.63 24.17 26.80 OK
r-release-macos-x86_64 1.0 NOTE
r-release-windows-ix86+x86_64 1.0 12.00 52.00 64.00 OK
r-oldrel-macos-x86_64 1.0 NOTE
r-oldrel-windows-ix86+x86_64 1.0 4.00 34.00 38.00 OK

Check Details

Version: 1.0
Check: dependencies in R code
Result: NOTE
    Namespaces in Imports field not imported from:
     ‘colorRamps’ ‘virtualspecies’
     All declared Imports should be used.
Flavors: r-devel-linux-x86_64-fedora-clang, r-devel-linux-x86_64-fedora-gcc, r-patched-solaris-x86, r-release-macos-x86_64, r-oldrel-macos-x86_64