CRAN Package Check Results for Package iSTATS

Last updated on 2023-02-05 01:54:23 CET.

Flavor Version Tinstall Tcheck Ttotal Status Flags
r-devel-linux-x86_64-debian-clang 1.5 9.33 64.95 74.28 OK
r-devel-linux-x86_64-debian-gcc 1.5 6.41 48.79 55.20 OK
r-devel-linux-x86_64-fedora-clang 1.5 98.53 NOTE
r-devel-linux-x86_64-fedora-gcc 1.5 87.24 OK
r-devel-windows-x86_64 1.5 14.00 91.00 105.00 NOTE
r-patched-linux-x86_64 1.5 7.97 66.39 74.36 OK
r-release-linux-x86_64 1.5 7.44 68.18 75.62 OK
r-release-macos-arm64 1.5 31.00 NOTE
r-release-macos-x86_64 1.5 54.00 NOTE
r-release-windows-x86_64 1.5 26.00 107.00 133.00 NOTE
r-oldrel-macos-arm64 1.5 33.00 NOTE
r-oldrel-macos-x86_64 1.5 58.00 NOTE
r-oldrel-windows-ix86+x86_64 1.5 23.00 96.00 119.00 NOTE

Check Details

Version: 1.5
Check: installed package size
Result: NOTE
     installed size is 5.9Mb
     sub-directories of 1Mb or more:
     app 4.3Mb
     data 1.6Mb
Flavors: r-devel-linux-x86_64-fedora-clang, r-devel-windows-x86_64, r-release-macos-arm64, r-release-macos-x86_64, r-release-windows-x86_64, r-oldrel-macos-arm64, r-oldrel-macos-x86_64, r-oldrel-windows-ix86+x86_64