CRAN Package Check Results for Package iSTATS

Last updated on 2022-07-03 01:48:57 CEST.

Flavor Version Tinstall Tcheck Ttotal Status Flags
r-devel-linux-x86_64-debian-clang 1.5 7.63 74.83 82.46 OK
r-devel-linux-x86_64-debian-gcc 1.5 7.93 54.43 62.36 OK
r-devel-linux-x86_64-fedora-clang 1.5 109.59 WARN
r-devel-linux-x86_64-fedora-gcc 1.5 104.93 WARN
r-devel-windows-x86_64 1.5 28.00 97.00 125.00 NOTE
r-patched-linux-x86_64 1.5 9.41 69.86 79.27 OK
r-release-linux-x86_64 1.5 8.37 70.32 78.69 OK
r-release-macos-arm64 1.5 31.00 NOTE
r-release-macos-x86_64 1.5 54.00 NOTE
r-release-windows-x86_64 1.5 25.00 99.00 124.00 NOTE
r-oldrel-macos-arm64 1.5 33.00 NOTE
r-oldrel-macos-x86_64 1.5 58.00 NOTE
r-oldrel-windows-ix86+x86_64 1.5 23.00 98.00 121.00 NOTE

Check Details

Version: 1.5
Check: package dependencies
Result: WARN
    Requires orphaned package: ‘gtools’
Flavors: r-devel-linux-x86_64-fedora-clang, r-devel-linux-x86_64-fedora-gcc

Version: 1.5
Check: installed package size
Result: NOTE
     installed size is 5.9Mb
     sub-directories of 1Mb or more:
     app 4.3Mb
     data 1.6Mb
Flavors: r-devel-linux-x86_64-fedora-clang, r-devel-windows-x86_64, r-release-macos-arm64, r-release-macos-x86_64, r-release-windows-x86_64, r-oldrel-macos-arm64, r-oldrel-macos-x86_64, r-oldrel-windows-ix86+x86_64