CRAN Package Check Results for Package icenReg

Last updated on 2020-09-28 01:49:00 CEST.

Flavor Version Tinstall Tcheck Ttotal Status Flags
r-devel-linux-x86_64-debian-clang 2.0.14 73.82 168.09 241.91 OK
r-devel-linux-x86_64-debian-gcc 2.0.14 61.54 121.52 183.06 OK
r-devel-linux-x86_64-fedora-clang 2.0.14 310.17 NOTE
r-devel-linux-x86_64-fedora-gcc 2.0.14 300.58 OK
r-devel-windows-ix86+x86_64 2.0.14 149.00 347.00 496.00 OK
r-patched-linux-x86_64 2.0.14 65.73 163.62 229.35 OK
r-patched-solaris-x86 2.0.14 386.10 OK
r-release-linux-x86_64 2.0.14 69.96 164.51 234.47 OK
r-release-macos-x86_64 2.0.14 NOTE
r-release-windows-ix86+x86_64 2.0.14 155.00 335.00 490.00 OK
r-oldrel-macos-x86_64 2.0.14 NOTE
r-oldrel-windows-ix86+x86_64 2.0.14 131.00 332.00 463.00 OK

Check Details

Version: 2.0.14
Check: installed package size
Result: NOTE
     installed size is 15.7Mb
     sub-directories of 1Mb or more:
     libs 14.3Mb
Flavors: r-devel-linux-x86_64-fedora-clang, r-release-macos-x86_64, r-oldrel-macos-x86_64