CRAN Package Check Results for Package icensmis

Last updated on 2020-07-11 02:09:24 CEST.

Flavor Version Tinstall Tcheck Ttotal Status Flags
r-devel-linux-x86_64-debian-clang 1.3.1 66.44 34.74 101.18 OK
r-devel-linux-x86_64-debian-gcc 1.3.1 46.26 26.84 73.10 OK
r-devel-linux-x86_64-fedora-clang 1.3.1 149.50 NOTE
r-devel-linux-x86_64-fedora-gcc 1.3.1 120.69 NOTE
r-devel-windows-ix86+x86_64 1.3.1 154.00 91.00 245.00 OK
r-patched-linux-x86_64 1.3.1 47.97 34.76 82.73 OK
r-patched-solaris-x86 1.3.1 125.00 OK
r-release-linux-x86_64 1.3.1 49.60 34.30 83.90 OK
r-release-osx-x86_64 1.3.1 OK
r-release-windows-ix86+x86_64 1.3.1 123.00 95.00 218.00 OK
r-oldrel-osx-x86_64 1.3.1 OK
r-oldrel-windows-ix86+x86_64 1.3.1 154.00 73.00 227.00 OK

Check Details

Version: 1.3.1
Check: compiled code
Result: NOTE
    File ‘icensmis/libs/icensmis.so’:
     Found no calls to: ‘R_registerRoutines’, ‘R_useDynamicSymbols’
    
    It is good practice to register native routines and to disable symbol
    search.
    
    See ‘Writing portable packages’ in the ‘Writing R Extensions’ manual.
Flavors: r-devel-linux-x86_64-fedora-clang, r-devel-linux-x86_64-fedora-gcc