CRAN Package Check Results for Package icertool

Last updated on 2023-02-07 00:54:20 CET.

Flavor Version Tinstall Tcheck Ttotal Status Flags
r-devel-linux-x86_64-debian-clang 0.0.3 3.11 23.67 26.78 OK
r-devel-linux-x86_64-debian-gcc 0.0.3 2.14 18.47 20.61 OK
r-devel-linux-x86_64-fedora-clang 0.0.3 34.75 NOTE
r-devel-linux-x86_64-fedora-gcc 0.0.3 32.56 NOTE
r-devel-windows-x86_64 0.0.3 12.00 59.00 71.00 OK
r-patched-linux-x86_64 0.0.3 2.56 23.81 26.37 OK
r-release-linux-x86_64 0.0.3 2.49 23.86 26.35 OK
r-release-macos-arm64 0.0.3 18.00 NOTE
r-release-macos-x86_64 0.0.3 24.00 NOTE
r-release-windows-x86_64 0.0.3 10.00 63.00 73.00 OK
r-oldrel-macos-arm64 0.0.3 18.00 NOTE
r-oldrel-macos-x86_64 0.0.3 22.00 NOTE
r-oldrel-windows-ix86+x86_64 0.0.3 9.00 50.00 59.00 OK

Check Details

Version: 0.0.3
Check: dependencies in R code
Result: NOTE
    Namespaces in Imports field not imported from:
     ‘digest’ ‘purrr’ ‘tidyverse’
     All declared Imports should be used.
Flavors: r-devel-linux-x86_64-fedora-clang, r-devel-linux-x86_64-fedora-gcc, r-release-macos-arm64, r-release-macos-x86_64, r-oldrel-macos-arm64, r-oldrel-macos-x86_64