CRAN Package Check Results for Package idealstan

Last updated on 2020-02-18 01:51:55 CET.

Flavor Version Tinstall Tcheck Ttotal Status Flags
r-devel-linux-x86_64-debian-clang 0.7.2 455.56 116.98 572.54 WARN
r-devel-linux-x86_64-debian-gcc 0.7.2 395.62 102.12 497.74 WARN
r-devel-linux-x86_64-fedora-clang 0.7.2 762.42 WARN
r-devel-linux-x86_64-fedora-gcc 0.7.2 835.12 WARN
r-devel-windows-ix86+x86_64 0.7.2 662.00 200.00 862.00 NOTE
r-devel-windows-ix86+x86_64-gcc8 0.7.2 1089.00 299.00 1388.00 NOTE
r-patched-linux-x86_64 0.7.2 402.19 109.78 511.97 WARN
r-patched-solaris-x86 0.7.2 686.30 WARN
r-release-linux-x86_64 0.7.2 407.63 109.45 517.08 NOTE
r-release-windows-ix86+x86_64 0.7.2 639.00 204.00 843.00 NOTE
r-release-osx-x86_64 0.7.2 NOTE
r-oldrel-windows-ix86+x86_64 0.7.2 609.00 189.00 798.00 NOTE
r-oldrel-osx-x86_64 0.7.2 NOTE

Check Details

Version: 0.7.2
Check: Rd \usage sections
Result: WARN
    Documented arguments not in \usage in documentation object 'stan_trace,idealstan-method':
     '...'
    
    Functions with \usage entries need to have the appropriate \alias
    entries, and all their arguments documented.
    The \usage entries must correspond to syntactically valid R code.
    See chapter 'Writing R documentation files' in the 'Writing R
    Extensions' manual.
Flavors: r-devel-linux-x86_64-debian-clang, r-devel-linux-x86_64-debian-gcc, r-devel-linux-x86_64-fedora-clang, r-devel-linux-x86_64-fedora-gcc, r-patched-linux-x86_64, r-patched-solaris-x86

Version: 0.7.2
Check: for GNU extensions in Makefiles
Result: NOTE
    GNU make is a SystemRequirements.
Flavors: r-devel-linux-x86_64-debian-clang, r-devel-linux-x86_64-debian-gcc, r-devel-linux-x86_64-fedora-clang, r-devel-linux-x86_64-fedora-gcc, r-devel-windows-ix86+x86_64, r-devel-windows-ix86+x86_64-gcc8, r-patched-linux-x86_64, r-patched-solaris-x86, r-release-linux-x86_64, r-release-windows-ix86+x86_64, r-release-osx-x86_64, r-oldrel-windows-ix86+x86_64, r-oldrel-osx-x86_64

Version: 0.7.2
Check: installed package size
Result: NOTE
     installed size is 75.1Mb
     sub-directories of 1Mb or more:
     doc 1.1Mb
     libs 73.2Mb
Flavors: r-devel-linux-x86_64-fedora-clang, r-devel-windows-ix86+x86_64, r-devel-windows-ix86+x86_64-gcc8, r-patched-solaris-x86, r-release-windows-ix86+x86_64, r-release-osx-x86_64, r-oldrel-windows-ix86+x86_64, r-oldrel-osx-x86_64