CRAN Package Check Results for Package idefix

Last updated on 2021-03-03 01:48:46 CET.

Flavor Version Tinstall Tcheck Ttotal Status Flags
r-devel-linux-x86_64-debian-clang 1.0.1 OK
r-devel-linux-x86_64-debian-gcc 1.0.1 31.26 47.81 79.07 OK
r-devel-linux-x86_64-fedora-clang 1.0.1 152.78 NOTE
r-devel-linux-x86_64-fedora-gcc 1.0.1 136.13 OK
r-devel-windows-ix86+x86_64 1.0.1 92.00 143.00 235.00 OK
r-patched-linux-x86_64 1.0.1 36.86 59.26 96.12 OK
r-patched-solaris-x86 1.0.1 157.80 OK
r-release-linux-x86_64 1.0.1 36.59 60.20 96.79 OK
r-release-macos-x86_64 1.0.1 OK
r-release-windows-ix86+x86_64 1.0.1 92.00 100.00 192.00 OK
r-oldrel-macos-x86_64 1.0.1 OK
r-oldrel-windows-ix86+x86_64 1.0.1 97.00 116.00 213.00 OK

Check Details

Version: 1.0.1
Check: Rd cross-references
Result: NOTE
    Undeclared packages ‘bayesm’, ‘ChoiceModelR’, ‘RSGHB’ in Rd xrefs
Flavor: r-devel-linux-x86_64-fedora-clang