CRAN Package Check Results for Package idem

Last updated on 2021-09-26 01:49:54 CEST.

Flavor Version Tinstall Tcheck Ttotal Status Flags
r-devel-linux-x86_64-debian-clang 5.1 118.27 177.96 296.23 NOTE
r-devel-linux-x86_64-debian-gcc 5.1 99.56 136.14 235.70 NOTE
r-devel-linux-x86_64-fedora-clang 5.1 383.82 NOTE
r-devel-linux-x86_64-fedora-gcc 5.1 395.89 NOTE
r-devel-windows-x86_64 5.1 113.00 177.00 290.00 NOTE
r-devel-windows-x86_64-gcc10-UCRT 5.1 NOTE
r-patched-linux-x86_64 5.1 112.87 172.09 284.96 NOTE
r-patched-solaris-x86 5.1 460.10 NOTE
r-release-linux-x86_64 5.1 111.15 173.37 284.52 NOTE
r-release-macos-arm64 5.1 NOTE
r-release-macos-x86_64 5.1 NOTE
r-release-windows-ix86+x86_64 5.1 272.00 219.00 491.00 NOTE
r-oldrel-macos-x86_64 5.1 NOTE
r-oldrel-windows-ix86+x86_64 5.1 191.00 233.00 424.00 NOTE

Check Details

Version: 5.1
Check: for GNU extensions in Makefiles
Result: NOTE
    GNU make is a SystemRequirements.
Flavors: r-devel-linux-x86_64-debian-clang, r-devel-linux-x86_64-debian-gcc, r-devel-linux-x86_64-fedora-clang, r-devel-linux-x86_64-fedora-gcc, r-devel-windows-x86_64, r-devel-windows-x86_64-gcc10-UCRT, r-patched-linux-x86_64, r-patched-solaris-x86, r-release-linux-x86_64, r-release-macos-arm64, r-release-macos-x86_64, r-release-windows-ix86+x86_64, r-oldrel-macos-x86_64, r-oldrel-windows-ix86+x86_64

Version: 5.1
Check: installed package size
Result: NOTE
     installed size is 23.1Mb
     sub-directories of 1Mb or more:
     doc 1.2Mb
     libs 21.4Mb
Flavors: r-devel-linux-x86_64-fedora-clang, r-release-macos-arm64, r-release-macos-x86_64, r-release-windows-ix86+x86_64, r-oldrel-macos-x86_64, r-oldrel-windows-ix86+x86_64

Version: 5.1
Check: line endings in C/C++/Fortran sources/headers
Result: NOTE
    Found the following sources/headers with CR or CRLF line endings:
     src/stan_files/idem.hpp
    Some Unix compilers require LF line endings.
Flavor: r-devel-windows-x86_64-gcc10-UCRT